{"id":126,"date":"2013-08-26T14:45:38","date_gmt":"2013-08-26T14:45:38","guid":{"rendered":"http:\/\/portalcgm.riobranco.ac.gov.br\/lai\/casa-civil\/"},"modified":"2024-04-09T18:18:34","modified_gmt":"2024-04-09T23:18:34","slug":"casa-civil","status":"publish","type":"page","link":"https:\/\/cgm.riobranco.ac.gov.br\/lai\/institucional\/casa-civil\/","title":{"rendered":"SECRETARIA MUNICIPAL DA CASA CIVIL &#8211; SMCC"},"content":{"rendered":"<hr \/>\n<p>Endere\u00e7o:\u00a0Rua Rui Barbosa, 285, Centro &#8211;\u00a0CEP:\u00a069.900-120<\/p>\n<p>E-mail: <a href=\"mailto:casa.civil@riobranco.ac.gov.br\">casa.civil@riobranco.ac.gov.br<\/a><\/p>\n<p>Telefone: 3212-7030<\/p>\n<p>Hor\u00e1rio de atendimento:\u00a007:00 \u00e0s 14:00 (DECRETO N\u00ba 2.010 DE 20 DE DEZEMBRO DE 2023)<\/p>\n<hr \/>\n<p>SECRET\u00c1RIO MUNICIPAL DA CASA CIVIL<\/p>\n<p><a href=\"https:\/\/cgm.riobranco.ac.gov.br\/lai\/wp-content\/uploads\/2013\/08\/WhatsApp-Image-2021-11-26-at-10.27.182.jpeg\"><img loading=\"lazy\" decoding=\"async\" class=\"alignnone size-medium wp-image-3688\" src=\"https:\/\/cgm.riobranco.ac.gov.br\/lai\/wp-content\/uploads\/2013\/08\/WhatsApp-Image-2021-11-26-at-10.27.182-300x300.jpeg\" alt=\"smcc foto\" width=\"300\" height=\"300\" srcset=\"https:\/\/cgm.riobranco.ac.gov.br\/lai\/wp-content\/uploads\/2013\/08\/WhatsApp-Image-2021-11-26-at-10.27.182-300x300.jpeg 300w, https:\/\/cgm.riobranco.ac.gov.br\/lai\/wp-content\/uploads\/2013\/08\/WhatsApp-Image-2021-11-26-at-10.27.182-150x150.jpeg 150w, https:\/\/cgm.riobranco.ac.gov.br\/lai\/wp-content\/uploads\/2013\/08\/WhatsApp-Image-2021-11-26-at-10.27.182.jpeg 576w\" sizes=\"auto, (max-width: 300px) 100vw, 300px\" \/><\/a><\/p>\n<p><strong>VALTIM JOS\u00c9 DA SILVA<\/strong><\/p>\n<p>E-mail:\u00a0<a href=\"mailto:valtim.silva@riobranco.ac.gov.br\">valtim.silva@riobranco.ac.gov.br<\/a><\/p>\n<p style=\"text-align: justify;\"><span style=\"font-family: 'Georgia','serif'; color: #333333;\">Valtim Jos\u00e9 da Silva\u00a0tem 53 anos, nasceu em Central de Minas, Minas Gerais e mora h\u00e1 muitos anos no Estado do Acre. \u00c9 formado em Gest\u00e3o P\u00fablica e Neg\u00f3cios Imobili\u00e1rios, P\u00f3s-Gradua\u00e7\u00e3o Lato Sensu no Curso de Direito P\u00fablico \u2013 \u00e1rea de conhecimento: N\u00e9gocios, Administra\u00e7\u00e3o e Direito.\u00a0Atuou como Secret\u00e1rio Parlamentar na Assembleia Legislativa do Acre, no per\u00edodo de 01\/02\/2011 a 01\/02\/2013, pela bancada do PSD. Posteriormente, atuou na mesma fun\u00e7\u00e3o na bancada do DEM, de 01\/02\/2015 a 01\/02\/2018 e pela Bancada do PSL no per\u00edodo de 01\/04\/2018 a 01\/11\/2018. Exerceu Cargo em Comiss\u00e3o na Secretaria de Estado de Ind\u00fastria, Ci\u00eancia e Tecnologia \u2013 SEICT, de 28\/05\/2019 a 02\/10\/2020, ingressando na Empresa de Assist\u00eancia T\u00e9cnica e Extens\u00e3o Rural do Estado do Acre \u2013 EMATER no per\u00edodo de 04\/04\/2020 a 30\/09\/2020, na fun\u00e7\u00e3o de Diretor-presidente. Na Prefeitura Municipal de Rio Branco, iniciou em 01 de fevereiro de 2021 como Chefe de Gabinete do Prefeito, assumindo, tamb\u00e9m, a Secretaria Municipal da Casa Civil, em 05 de maio de 2021, na fun\u00e7\u00e3o de Secret\u00e1rio Municipal, ocupando estas fun\u00e7\u00f5es at\u00e9 os dias atuais.<\/span><\/p>\n<p>&nbsp;<\/p>\n<p>CHEFIA DE GABINETE<\/p>\n<p><strong>M\u00c1RCIA MARIA SOUZA DA SILVA\u00a0<\/strong><\/p>\n<p>E-mail:\u00a0casa.civil@riobranco.ac.gov.br<\/p>\n<p>Telefone: (68) 3212-7030<\/p>\n<p>&nbsp;<\/p>\n<p>UNIDADE DE CONTROLE INTERNO &#8211; UCI<\/p>\n<p><strong>MARIA ROXIANE DOS SANTOS OLIVEIRA<\/strong><\/p>\n<p>E-mail:\u00a0roxiane.oliveira@riobranco.ac.gov.br<\/p>\n<p>&nbsp;<\/p>\n<p>SECRET\u00c1RIO ADJUNTO DA CASA CIVIL<\/p>\n<p><strong>GERL\u00daCIA AFONSO DE ALMEIDA MAGALH\u00c3ES<\/strong><\/p>\n<p>E-mail:\u00a0gerlucia25@gmail.com<\/p>\n<p>Telefone: (68) 3212-7009<\/p>\n<p>&nbsp;<\/p>\n<hr \/>\n<p>Arquivos para Download<\/p>\n<p><strong><a href=\"https:\/\/cgm.riobranco.ac.gov.br\/lai\/wp-content\/uploads\/2013\/08\/SMCC-COMPET\u00caNCIA.pdf\" target=\"_blank\">SMCC &#8211; COMPET\u00caNCIAS<\/a><\/strong><\/p>\n<hr \/>\n<p>Estrutura Organizacional<\/p>\n<p><strong><a href=\"https:\/\/cgm.riobranco.ac.gov.br\/lai\/wp-content\/uploads\/2013\/08\/DECRETO-N\u00ba-643-2023-Estrutura-Organizacional-da-SMCC-2.pdf\" target=\"_blank\">DECRETO N\u00ba 643 DE 28 DE MAIO DE 2023<\/a><\/strong><\/p>\n<p>\u201cEstabelece a Estrutura Organizacional B\u00e1sica da Secretaria Municipal da Casa Civil \u2013 SMCC.\u201d<\/p>\n<p><strong><a href=\"https:\/\/cgm.riobranco.ac.gov.br\/lai\/wp-content\/uploads\/2013\/08\/DECRETO-N\u00ba-1752-2022-Estrutura-Organizacional-da-SMCC.pdf\" target=\"_blank\">DECRETO N\u00ba 1.752 DE 29 DE NOVEMBRO DE 2022 <\/a><\/strong><span style=\"color: #ff0000;\">(Revogado)<\/span><\/p>\n<p>\u201cEstabelece a Estrutura Organizacional B\u00e1sica da Secretaria Municipal da Casa Civil \u2013 SMCC.\u201d<\/p>\n<p><strong><a href=\"https:\/\/cgm.riobranco.ac.gov.br\/lai\/wp-content\/uploads\/2013\/08\/DECRETO-N\u00ba-095-2022-Estrutura-Organizacional-da-SMCC.pdf\" target=\"_blank\">DECRETO N\u00ba 095 DE 04 DE FEVEREIRO DE 2022<\/a>\u00a0<\/strong><span style=\"color: #ff0000;\">(Revogado)<\/span><\/p>\n<p>\u201cEstabelece a Estrutura Organizacional B\u00e1sica da Secretaria Municipal da Casa Civil \u2013 SMCC.\u201d<\/p>\n<p><strong><a href=\"https:\/\/cgm.riobranco.ac.gov.br\/lai\/wp-content\/uploads\/2013\/08\/DECRETO-N\u00ba-042-2019-Estrutura-Adm.-SMCC-rep1.pdf\" target=\"_blank\">DECRETO N\u00ba 042 DE 16 DE JANEIRO DE 2019<\/a>\u00a0<\/strong><span style=\"color: #ff0000;\">(Revogado)<\/span><\/p>\n<p>\u201cEstabelece a Estrutura Organizacional B\u00e1sica da Secretaria Municipal da Casa Civil \u2013 SMCC.\u201d<\/p>\n<p><strong><a href=\"https:\/\/cgm.riobranco.ac.gov.br\/lai\/wp-content\/uploads\/2013\/08\/DECRETO-N\u00ba-1126-2017-Altera-o-Decreto-n\u00ba-700-2013-Estrutura-SMCC-TURISMO.pdf\" target=\"_blank\">DECRETO N\u00ba 1.126 DE 30 DE MAR\u00c7O DE 2017<\/a><\/strong><\/p>\n<p>&#8220;Altera o Decreto n\u00b0 700, de 11 de mar\u00e7o de\u00a02013\u201d<\/p>\n<p><strong><a href=\"https:\/\/cgm.riobranco.ac.gov.br\/lai\/wp-content\/uploads\/2013\/08\/DECRETO-N\u00ba-700-2013-Estrutura\u00e7\u00e3o-CASA-CIVIL-SMCC.pdf\" target=\"_blank\">DECRETO N\u00ba 700 DE 11 DE MAR\u00c7O DE 2013 <\/a><\/strong><span style=\"color: #ff0000;\">(Revogado)<\/span><\/p>\n<p>&#8220;Estabelece a Estrutura Organizacional\u00a0B\u00e1sica da Secretaria Municipal da Casa Civil.&#8221;<\/p>\n<hr \/>\n<p>Arquivos para Download<\/p>\n<p><strong><a href=\"https:\/\/cgm.riobranco.ac.gov.br\/lai\/wp-content\/uploads\/2013\/08\/DECRETO-N\u00ba-430-DE-08-DE-ABRIL-DE-2024-DOE.pdf\" target=\"_blank\">DECRETO N\u00ba 430 DE 08 DE ABRIL DE 2024<\/a><\/strong>\u00a0&#8211; DOE<\/p>\n<p>\u201cDisp\u00f5e sobre a regulamenta\u00e7\u00e3o da Lei Municipal n\u00ba 2.505 de 20 de dezembro de 2023 e concess\u00e3o de Patroc\u00ednio pelo Poder Executivo Municipal a projetos privados, no \u00e2mbito da Administra\u00e7\u00e3o P\u00fablica Direta e Indireta e d\u00e1 outras provid\u00eancias.\u201d<\/p>\n<p><strong><a href=\"https:\/\/cgm.riobranco.ac.gov.br\/lai\/wp-content\/uploads\/2013\/08\/LEI-MUNICIPAL-N\u00ba-2.505-DE-20.12.2023-Disp\u00f5e-sobre-as-a\u00e7\u00f5es-de-comunica\u00e7\u00e3o-do-Poder-Executivo-Municipal-e-d\u00e1-outras-provid\u00eancias.pdf\" target=\"_blank\">LEI N\u00ba 2.505 DE 20 DE DEZEMBRO DE 2023<\/a><\/strong><\/p>\n<p>\u201cDisp\u00f5e sobre as a\u00e7\u00f5es de comunica\u00e7\u00e3o do Poder Executivo Municipal e d\u00e1 outras provid\u00eancias.\u201d<\/p>\n<p><strong><a href=\"https:\/\/cgm.riobranco.ac.gov.br\/lai\/wp-content\/uploads\/2013\/08\/DECRETO-N\u00ba-1253-2022-Instituir-a-Comiss\u00e3o-de-Preven\u00e7\u00e3o-Enfrentamento-e-Combate-ao-Ass\u00e9dio-Moral.pdf\" target=\"_blank\">DECRETO N\u00ba 1.253 DE 24 DE AGOSTO DE 2022<\/a><\/strong><\/p>\n<p>\u201cInstitui a Comiss\u00e3o de Preven\u00e7\u00e3o, Enfrentamento e Combate ao Ass\u00e9dio Moral no \u00e2mbito do Poder Executivo Municipal.\u201d<\/p>\n","protected":false},"excerpt":{"rendered":"<p>Endere\u00e7o:\u00a0Rua Rui Barbosa, 285, Centro &#8211;\u00a0CEP:\u00a069.900-120 E-mail: casa.civil@riobranco.ac.gov.br Telefone: 3212-7030 Hor\u00e1rio de atendimento:\u00a007:00 \u00e0s 14:00 (DECRETO N\u00ba 2.010 DE 20 DE DEZEMBRO DE 2023) SECRET\u00c1RIO MUNICIPAL DA CASA CIVIL VALTIM JOS\u00c9 DA SILVA E-mail:\u00a0valtim.silva@riobranco.ac.gov.br Valtim Jos\u00e9 da Silva\u00a0tem 53 anos, nasceu em Central de Minas, Minas Gerais e mora h\u00e1 muitos anos no Estado do [&hellip;]<\/p>\n","protected":false},"author":2,"featured_media":0,"parent":12,"menu_order":4,"comment_status":"open","ping_status":"open","template":"","meta":{"footnotes":""},"class_list":["post-126","page","type-page","status-publish","hentry"],"_links":{"self":[{"href":"https:\/\/cgm.riobranco.ac.gov.br\/lai\/wp-json\/wp\/v2\/pages\/126","targetHints":{"allow":["GET"]}}],"collection":[{"href":"https:\/\/cgm.riobranco.ac.gov.br\/lai\/wp-json\/wp\/v2\/pages"}],"about":[{"href":"https:\/\/cgm.riobranco.ac.gov.br\/lai\/wp-json\/wp\/v2\/types\/page"}],"author":[{"embeddable":true,"href":"https:\/\/cgm.riobranco.ac.gov.br\/lai\/wp-json\/wp\/v2\/users\/2"}],"replies":[{"embeddable":true,"href":"https:\/\/cgm.riobranco.ac.gov.br\/lai\/wp-json\/wp\/v2\/comments?post=126"}],"version-history":[{"count":82,"href":"https:\/\/cgm.riobranco.ac.gov.br\/lai\/wp-json\/wp\/v2\/pages\/126\/revisions"}],"predecessor-version":[{"id":5789,"href":"https:\/\/cgm.riobranco.ac.gov.br\/lai\/wp-json\/wp\/v2\/pages\/126\/revisions\/5789"}],"up":[{"embeddable":true,"href":"https:\/\/cgm.riobranco.ac.gov.br\/lai\/wp-json\/wp\/v2\/pages\/12"}],"wp:attachment":[{"href":"https:\/\/cgm.riobranco.ac.gov.br\/lai\/wp-json\/wp\/v2\/media?parent=126"}],"curies":[{"name":"wp","href":"https:\/\/api.w.org\/{rel}","templated":true}]}}