{"id":167,"date":"2013-09-29T18:39:20","date_gmt":"2013-09-29T18:39:20","guid":{"rendered":"http:\/\/portalcgm.riobranco.ac.gov.br\/lai\/forum-criminal\/"},"modified":"2015-06-11T19:22:10","modified_gmt":"2015-06-11T19:22:10","slug":"forum-criminal","status":"publish","type":"page","link":"https:\/\/cgm.riobranco.ac.gov.br\/lai\/encontre-em-rio-branco\/forum-criminal\/","title":{"rendered":"F\u00f3rum Criminal"},"content":{"rendered":"<hr \/>\n<p>&nbsp;<\/p>\n<p><strong>F\u00f3rum Criminal<\/strong><\/p>\n<p><strong>Endere\u00e7o:<\/strong> Av. Get\u00falio Vargas, n\u00ba 1.213 &#8211; Bosque<\/p>\n<p><strong>CEP: <\/strong>69.900-469<\/p>\n<p>&nbsp;<\/p>\n<p><strong>Balc\u00e3o de Informa\u00e7\u00f5es<\/strong><\/p>\n<p><strong>Endere\u00e7o:<\/strong> Av. Get\u00falio Vargas, n\u00ba 1.213 &#8211; Bosque<\/p>\n<p><strong>CEP: <\/strong>69.900-469<\/p>\n<p><strong>Fones:<\/strong> 3211-5581<\/p>\n<p>&nbsp;<\/p>\n<p><strong>1\u00aa Vara Criminal<\/strong><\/p>\n<p><strong>Endere\u00e7o:<\/strong> Av. Get\u00falio Vargas, n\u00ba 1.213 &#8211; Bosque<\/p>\n<p><strong>CEP: <\/strong>69.900-469<\/p>\n<p><strong>Fone:<\/strong> 3211-5461<\/p>\n<p><strong>E-mail:<\/strong>vacri1rb @tjac.jus.br<\/p>\n<p>&nbsp;<\/p>\n<p><strong>2\u00aa Vara Criminal<\/strong><\/p>\n<p><strong>Endere\u00e7o:<\/strong> Av. Get\u00falio Vargas, n\u00ba 1.213 &#8211; Bosque<\/p>\n<p><strong>CEP: <\/strong>69.900-469<\/p>\n<p><strong>Fone:<\/strong> 3211-5463<\/p>\n<p><strong>E-mail:<\/strong>vacri2rb @tjac.jus.br<\/p>\n<p>&nbsp;<\/p>\n<p><strong>3\u00aa Vara Criminal<\/strong><\/p>\n<p><strong>Endere\u00e7o:<\/strong> Av. Get\u00falio Vargas, n\u00ba 1.213 &#8211; Bosque<\/p>\n<p><strong>CEP: <\/strong>69.900-469<\/p>\n<p><strong>Fones:<\/strong> 3211-5466<\/p>\n<p><strong>E-mail:<\/strong>vacri3rb @tjac.jus.br<\/p>\n<p>&nbsp;<\/p>\n<p><strong>4\u00aa Vara Criminal<\/strong><\/p>\n<p><strong>Endere\u00e7o:<\/strong> Av. Get\u00falio Vargas, n\u00ba 1.213 &#8211; Bosque<\/p>\n<p><strong>CEP: <\/strong>69.900-469<\/p>\n<p><strong>Fones:<\/strong> 3211-5446<\/p>\n<p><strong>E-mail:<\/strong>vacri4rb@tjac.jus.br<\/p>\n<p>&nbsp;<\/p>\n<p><strong>Vara de Execu\u00e7\u00f5es Penais<\/strong><\/p>\n<p><strong>Endere\u00e7o:<\/strong> Av. Get\u00falio Vargas, n\u00ba 1.213 &#8211; Bosque<\/p>\n<p><strong>CEP: <\/strong>69.900-469<\/p>\n<p><strong>Fones:<\/strong> 3211-5455<\/p>\n<p><strong>E-mail:<\/strong>vaexe1rb @tjac.jus.br<\/p>\n<p>&nbsp;<\/p>\n<p><strong>Administra\u00e7\u00e3o do F\u00f3rum Criminal<\/strong><\/p>\n<p><strong>Endere\u00e7o:<\/strong> Av. Get\u00falio Vargas, n\u00ba 1.213 &#8211; Bosque<\/p>\n<p><strong>CEP: <\/strong>69.900-469<\/p>\n<p><strong>Fones:<\/strong> 3211-5303<\/p>\n","protected":false},"excerpt":{"rendered":"<p>&nbsp; F\u00f3rum Criminal Endere\u00e7o: Av. Get\u00falio Vargas, n\u00ba 1.213 &#8211; Bosque CEP: 69.900-469 &nbsp; Balc\u00e3o de Informa\u00e7\u00f5es Endere\u00e7o: Av. Get\u00falio Vargas, n\u00ba 1.213 &#8211; Bosque CEP: 69.900-469 Fones: 3211-5581 &nbsp; 1\u00aa Vara Criminal Endere\u00e7o: Av. Get\u00falio Vargas, n\u00ba 1.213 &#8211; Bosque CEP: 69.900-469 Fone: 3211-5461 E-mail:vacri1rb @tjac.jus.br &nbsp; 2\u00aa Vara Criminal Endere\u00e7o: Av. Get\u00falio Vargas, [&hellip;]<\/p>\n","protected":false},"author":2,"featured_media":0,"parent":18,"menu_order":41,"comment_status":"open","ping_status":"open","template":"","meta":{"footnotes":""},"class_list":["post-167","page","type-page","status-publish","hentry"],"_links":{"self":[{"href":"https:\/\/cgm.riobranco.ac.gov.br\/lai\/wp-json\/wp\/v2\/pages\/167","targetHints":{"allow":["GET"]}}],"collection":[{"href":"https:\/\/cgm.riobranco.ac.gov.br\/lai\/wp-json\/wp\/v2\/pages"}],"about":[{"href":"https:\/\/cgm.riobranco.ac.gov.br\/lai\/wp-json\/wp\/v2\/types\/page"}],"author":[{"embeddable":true,"href":"https:\/\/cgm.riobranco.ac.gov.br\/lai\/wp-json\/wp\/v2\/users\/2"}],"replies":[{"embeddable":true,"href":"https:\/\/cgm.riobranco.ac.gov.br\/lai\/wp-json\/wp\/v2\/comments?post=167"}],"version-history":[{"count":2,"href":"https:\/\/cgm.riobranco.ac.gov.br\/lai\/wp-json\/wp\/v2\/pages\/167\/revisions"}],"predecessor-version":[{"id":948,"href":"https:\/\/cgm.riobranco.ac.gov.br\/lai\/wp-json\/wp\/v2\/pages\/167\/revisions\/948"}],"up":[{"embeddable":true,"href":"https:\/\/cgm.riobranco.ac.gov.br\/lai\/wp-json\/wp\/v2\/pages\/18"}],"wp:attachment":[{"href":"https:\/\/cgm.riobranco.ac.gov.br\/lai\/wp-json\/wp\/v2\/media?parent=167"}],"curies":[{"name":"wp","href":"https:\/\/api.w.org\/{rel}","templated":true}]}}