{"id":170,"date":"2013-09-29T19:52:11","date_gmt":"2013-09-29T19:52:11","guid":{"rendered":"http:\/\/portalcgm.riobranco.ac.gov.br\/lai\/vara-violencia-domestica-familiar-mulher\/"},"modified":"2015-06-11T19:36:54","modified_gmt":"2015-06-11T19:36:54","slug":"vara-violencia-domestica-familiar-mulher","status":"publish","type":"page","link":"https:\/\/cgm.riobranco.ac.gov.br\/lai\/encontre-em-rio-branco\/vara-violencia-domestica-familiar-mulher\/","title":{"rendered":"Vara da Viol\u00eancia Dom\u00e9stica e Familiar Contra a Mulher"},"content":{"rendered":"<hr \/>\n<p>&nbsp;<\/p>\n<p><strong>Vara da Viol\u00eancia Dom\u00e9stica e Familiar Contra a Mulher<\/strong><\/p>\n<p><strong>Endere\u00e7o:<\/strong> Rua Benjamin Constant, n\u00ba 1.190 &#8211; Centro<\/p>\n<p><strong>CEP:<\/strong> 69.900-062<\/p>\n<p>&nbsp;<\/p>\n<p><strong>Recep\u00e7\u00e3o<\/strong><\/p>\n<p><strong>Endere\u00e7o:<\/strong> Rua Benjamin Constant, n\u00ba 1.190 &#8211; Centro<\/p>\n<p><strong>CEP:<\/strong> 69.900-062<\/p>\n<p><strong>Fone:<\/strong> 3211-3857<\/p>\n","protected":false},"excerpt":{"rendered":"<p>&nbsp; Vara da Viol\u00eancia Dom\u00e9stica e Familiar Contra a Mulher Endere\u00e7o: Rua Benjamin Constant, n\u00ba 1.190 &#8211; Centro CEP: 69.900-062 &nbsp; Recep\u00e7\u00e3o Endere\u00e7o: Rua Benjamin Constant, n\u00ba 1.190 &#8211; Centro CEP: 69.900-062 Fone: 3211-3857<\/p>\n","protected":false},"author":2,"featured_media":0,"parent":18,"menu_order":80,"comment_status":"open","ping_status":"open","template":"","meta":{"footnotes":""},"class_list":["post-170","page","type-page","status-publish","hentry"],"_links":{"self":[{"href":"https:\/\/cgm.riobranco.ac.gov.br\/lai\/wp-json\/wp\/v2\/pages\/170","targetHints":{"allow":["GET"]}}],"collection":[{"href":"https:\/\/cgm.riobranco.ac.gov.br\/lai\/wp-json\/wp\/v2\/pages"}],"about":[{"href":"https:\/\/cgm.riobranco.ac.gov.br\/lai\/wp-json\/wp\/v2\/types\/page"}],"author":[{"embeddable":true,"href":"https:\/\/cgm.riobranco.ac.gov.br\/lai\/wp-json\/wp\/v2\/users\/2"}],"replies":[{"embeddable":true,"href":"https:\/\/cgm.riobranco.ac.gov.br\/lai\/wp-json\/wp\/v2\/comments?post=170"}],"version-history":[{"count":1,"href":"https:\/\/cgm.riobranco.ac.gov.br\/lai\/wp-json\/wp\/v2\/pages\/170\/revisions"}],"predecessor-version":[{"id":403,"href":"https:\/\/cgm.riobranco.ac.gov.br\/lai\/wp-json\/wp\/v2\/pages\/170\/revisions\/403"}],"up":[{"embeddable":true,"href":"https:\/\/cgm.riobranco.ac.gov.br\/lai\/wp-json\/wp\/v2\/pages\/18"}],"wp:attachment":[{"href":"https:\/\/cgm.riobranco.ac.gov.br\/lai\/wp-json\/wp\/v2\/media?parent=170"}],"curies":[{"name":"wp","href":"https:\/\/api.w.org\/{rel}","templated":true}]}}