{"id":180,"date":"2013-09-30T00:50:18","date_gmt":"2013-09-30T00:50:18","guid":{"rendered":"http:\/\/portalcgm.riobranco.ac.gov.br\/lai\/delegacias\/"},"modified":"2015-06-11T19:16:52","modified_gmt":"2015-06-11T19:16:52","slug":"delegacias","status":"publish","type":"page","link":"https:\/\/cgm.riobranco.ac.gov.br\/lai\/encontre-em-rio-branco\/delegacias\/","title":{"rendered":"Delegacias"},"content":{"rendered":"<hr \/>\n<p>&nbsp;<\/p>\n<p><strong>Delegacia Especializada de Atendimento \u00e0 Mulher &#8211; DEAM<\/strong><\/p>\n<p><strong>Endere\u00e7o:<\/strong> Via Chico Mendes, 803 &#8211; Tri\u00e2ngulo (Ao Lado do DERACRE)<\/p>\n<p><strong>CEP:<\/strong> 69.901-180<\/p>\n<p><strong>Fone:<\/strong> 3221-4799<\/p>\n<p>&nbsp;<\/p>\n<p><strong>Delegacia Especializada de Prote\u00e7\u00e3o \u00e0 Crian\u00e7a e ao Adolescente &#8211; DEPCA<\/strong><\/p>\n<p><strong>Endere\u00e7o:<\/strong> Rua Rui Barbosa, n\u00ba 420 &#8211; Centro<\/p>\n<p><strong>CEP:<\/strong> 69.900-120<\/p>\n<p><strong>Fone:<\/strong> 3224-6496\/3224-6509<\/p>\n<p>&nbsp;<\/p>\n<p><strong>Delegacia Antiassalto da Pol\u00edcia Civil &#8211; DAPC<\/strong><\/p>\n<p><strong>Endere\u00e7o:<\/strong> Rua Omar Sabino de Paula &#8211; Esta\u00e7\u00e3o Experimental<\/p>\n<p><strong>Fone:<\/strong> 3226-4226<\/p>\n<p>&nbsp;<\/p>\n<p><strong>Delegacia da 1\u00aa Regional<\/strong><\/p>\n<p><strong>Endere\u00e7o:<\/strong> Avenida Epaminondas J\u00e1come, S\/N &#8211; Cadeia Velha<\/p>\n<p><strong>CEP:<\/strong> 69.900-115<\/p>\n<p><strong>Fone:<\/strong> 3223-2857<\/p>\n<p>&nbsp;<\/p>\n<p><strong>Delegacia da 2\u00aa Regional<\/strong><\/p>\n<p><strong>Endere\u00e7o:<\/strong> Rua 24 de Janeiro, n\u00ba 181 &#8211; Seis de Agosto<\/p>\n<p><strong>CEP:<\/strong> 69.901-150<\/p>\n<p><strong>Fones:<\/strong> 3224-2930\/3224-9072<\/p>\n<p>&nbsp;<\/p>\n<p><strong>Delegacia da 3\u00aa Regional<\/strong><\/p>\n<p><strong>Endere\u00e7o:<\/strong> Rua Rio Grande do Sul, S\/N &#8211; Aeroporto Velho<\/p>\n<p><strong>CEP:<\/strong> 69.903-420<\/p>\n<p><strong>Fones:<\/strong> 3242-1502\/3225-6220<\/p>\n<p>&nbsp;<\/p>\n<p><strong>Delegacia da 4\u00aa Regional<\/strong><\/p>\n<p><strong>Endere\u00e7o:<\/strong> Rua Oeste, n\u00ba 542 &#8211; Distrito Industrial &#8211; Conjunto Tucum\u00e3<\/p>\n<p><strong>CEP:<\/strong> 69.917-400<\/p>\n<p><strong>Fone:<\/strong> 3229-2802<\/p>\n<p>&nbsp;<\/p>\n<p><strong>Delegacia da 5\u00aa Regional<\/strong><\/p>\n<p><strong>Endere\u00e7o:<\/strong> Rua Arara, n\u00ba 212 &#8211; Adalberto Sena<\/p>\n<p><strong>CEP:<\/strong> 69.914-540<\/p>\n<p><strong>Fones:<\/strong> 3228-4904\/3228-9292<\/p>\n<p>&nbsp;<\/p>\n<p><strong>N\u00facleo de Atendimento a Crian\u00e7a e ao Adolescente V\u00edtima &#8211; NUCRIA<\/strong><\/p>\n<p><strong>Endere\u00e7o:<\/strong> Via Chico Mendes, n\u00ba 803 &#8211; Tri\u00e2ngulo (Ao Lado do DERACRE)<\/p>\n<p><strong>CEP:<\/strong> 69.901-180<\/p>\n<p><strong>Fone:<\/strong> 3224-2584<\/p>\n<p>&nbsp;<\/p>\n<p><strong>Pol\u00edcia Interestadual &#8211; POLINTER<\/strong><\/p>\n<p><strong>Endere\u00e7o:<\/strong> Rua Rio Grande do Sul, S\/N &#8211; Aeroporto Velho<\/p>\n<p><strong>CEP:<\/strong> 69.903-420<\/p>\n<p><strong>Fone:<\/strong> 3242-1309 \/ Fax: 3242-2766<\/p>\n<p>&nbsp;<\/p>\n<p><strong>Grupo Especial de Capturas da Pol\u00edcia Civil &#8211; GECAPC<\/strong><\/p>\n<p><strong>Endere\u00e7o:<\/strong> Rua Rio Grande do Sul, S\/N &#8211; Aeroporto Velho<\/p>\n<p><strong>CEP:<\/strong> 69.903-420<\/p>\n<p><strong>Fone:<\/strong> 3242-2766<\/p>\n<p>&nbsp;<\/p>\n<p><strong>Divis\u00e3o de Repress\u00e3o \u00e0 Entorpecentes &#8211; DRE<\/strong><\/p>\n<p><strong>Endere\u00e7o:<\/strong> Rua Omar Sabino de Paula &#8211; Esta\u00e7\u00e3o Experimental<\/p>\n<p><strong>Fone:<\/strong> 3225-2412<\/p>\n","protected":false},"excerpt":{"rendered":"<p>&nbsp; Delegacia Especializada de Atendimento \u00e0 Mulher &#8211; DEAM Endere\u00e7o: Via Chico Mendes, 803 &#8211; Tri\u00e2ngulo (Ao Lado do DERACRE) CEP: 69.901-180 Fone: 3221-4799 &nbsp; Delegacia Especializada de Prote\u00e7\u00e3o \u00e0 Crian\u00e7a e ao Adolescente &#8211; DEPCA Endere\u00e7o: Rua Rui Barbosa, n\u00ba 420 &#8211; Centro CEP: 69.900-120 Fone: 3224-6496\/3224-6509 &nbsp; Delegacia Antiassalto da Pol\u00edcia Civil &#8211; [&hellip;]<\/p>\n","protected":false},"author":2,"featured_media":0,"parent":18,"menu_order":27,"comment_status":"open","ping_status":"open","template":"","meta":{"footnotes":""},"class_list":["post-180","page","type-page","status-publish","hentry"],"_links":{"self":[{"href":"https:\/\/cgm.riobranco.ac.gov.br\/lai\/wp-json\/wp\/v2\/pages\/180","targetHints":{"allow":["GET"]}}],"collection":[{"href":"https:\/\/cgm.riobranco.ac.gov.br\/lai\/wp-json\/wp\/v2\/pages"}],"about":[{"href":"https:\/\/cgm.riobranco.ac.gov.br\/lai\/wp-json\/wp\/v2\/types\/page"}],"author":[{"embeddable":true,"href":"https:\/\/cgm.riobranco.ac.gov.br\/lai\/wp-json\/wp\/v2\/users\/2"}],"replies":[{"embeddable":true,"href":"https:\/\/cgm.riobranco.ac.gov.br\/lai\/wp-json\/wp\/v2\/comments?post=180"}],"version-history":[{"count":1,"href":"https:\/\/cgm.riobranco.ac.gov.br\/lai\/wp-json\/wp\/v2\/pages\/180\/revisions"}],"predecessor-version":[{"id":354,"href":"https:\/\/cgm.riobranco.ac.gov.br\/lai\/wp-json\/wp\/v2\/pages\/180\/revisions\/354"}],"up":[{"embeddable":true,"href":"https:\/\/cgm.riobranco.ac.gov.br\/lai\/wp-json\/wp\/v2\/pages\/18"}],"wp:attachment":[{"href":"https:\/\/cgm.riobranco.ac.gov.br\/lai\/wp-json\/wp\/v2\/media?parent=180"}],"curies":[{"name":"wp","href":"https:\/\/api.w.org\/{rel}","templated":true}]}}