{"id":187,"date":"2013-10-01T05:45:39","date_gmt":"2013-10-01T05:45:39","guid":{"rendered":"http:\/\/portalcgm.riobranco.ac.gov.br\/lai\/tribunal-justica-acre\/"},"modified":"2015-06-11T19:30:23","modified_gmt":"2015-06-11T19:30:23","slug":"tribunal-justica-acre","status":"publish","type":"page","link":"https:\/\/cgm.riobranco.ac.gov.br\/lai\/encontre-em-rio-branco\/tribunal-justica-acre\/","title":{"rendered":"Tribunal de Justi\u00e7a do Estado do Acre"},"content":{"rendered":"<hr \/>\n<p>&nbsp;<\/p>\n<p><strong>Tribunal de Justi\u00e7a do Estado do Acre &#8211; SEDE ADMINISTRATIVA<\/strong><\/p>\n<p><strong>Endere\u00e7o:<\/strong> Rua Tribunal de Justi\u00e7a, S\/N &#8211; Via Verde<\/p>\n<p><strong>CEP:<\/strong> 69.920-193<\/p>\n<p><strong>Fones:<\/strong> 3302-0320\/3302-0321<\/p>\n","protected":false},"excerpt":{"rendered":"<p>&nbsp; Tribunal de Justi\u00e7a do Estado do Acre &#8211; SEDE ADMINISTRATIVA Endere\u00e7o: Rua Tribunal de Justi\u00e7a, S\/N &#8211; Via Verde CEP: 69.920-193 Fones: 3302-0320\/3302-0321<\/p>\n","protected":false},"author":2,"featured_media":0,"parent":18,"menu_order":71,"comment_status":"open","ping_status":"open","template":"","meta":{"footnotes":""},"class_list":["post-187","page","type-page","status-publish","hentry"],"_links":{"self":[{"href":"https:\/\/cgm.riobranco.ac.gov.br\/lai\/wp-json\/wp\/v2\/pages\/187","targetHints":{"allow":["GET"]}}],"collection":[{"href":"https:\/\/cgm.riobranco.ac.gov.br\/lai\/wp-json\/wp\/v2\/pages"}],"about":[{"href":"https:\/\/cgm.riobranco.ac.gov.br\/lai\/wp-json\/wp\/v2\/types\/page"}],"author":[{"embeddable":true,"href":"https:\/\/cgm.riobranco.ac.gov.br\/lai\/wp-json\/wp\/v2\/users\/2"}],"replies":[{"embeddable":true,"href":"https:\/\/cgm.riobranco.ac.gov.br\/lai\/wp-json\/wp\/v2\/comments?post=187"}],"version-history":[{"count":1,"href":"https:\/\/cgm.riobranco.ac.gov.br\/lai\/wp-json\/wp\/v2\/pages\/187\/revisions"}],"predecessor-version":[{"id":397,"href":"https:\/\/cgm.riobranco.ac.gov.br\/lai\/wp-json\/wp\/v2\/pages\/187\/revisions\/397"}],"up":[{"embeddable":true,"href":"https:\/\/cgm.riobranco.ac.gov.br\/lai\/wp-json\/wp\/v2\/pages\/18"}],"wp:attachment":[{"href":"https:\/\/cgm.riobranco.ac.gov.br\/lai\/wp-json\/wp\/v2\/media?parent=187"}],"curies":[{"name":"wp","href":"https:\/\/api.w.org\/{rel}","templated":true}]}}