{"id":190,"date":"2013-10-01T13:20:30","date_gmt":"2013-10-01T13:20:30","guid":{"rendered":"http:\/\/portalcgm.riobranco.ac.gov.br\/lai\/feiras-fixas\/"},"modified":"2015-06-11T19:20:49","modified_gmt":"2015-06-11T19:20:49","slug":"feiras-fixas","status":"publish","type":"page","link":"https:\/\/cgm.riobranco.ac.gov.br\/lai\/encontre-em-rio-branco\/feiras-fixas\/","title":{"rendered":"Feiras Fixas"},"content":{"rendered":"<hr \/>\n<p><img loading=\"lazy\" decoding=\"async\" style=\"border: 4px solid #ebebeb; display: block; margin-left: auto; margin-right: auto;\" src=\"\/lai\/wp-content\/uploads\/images\/Mercado_Elias_Mansour.jpg\" alt=\"\" width=\"515\" height=\"350\" \/><\/p>\n<p style=\"text-align: center;\">Foto: Asscom<\/p>\n<p><strong>Bairro:\u00a0<\/strong>Esta\u00e7\u00e3o Experimental<\/p>\n<p><strong>Dia da Semana: <\/strong>Quarta \u00e0 S\u00e1bado<strong><br \/>\n<\/strong><\/p>\n<p><strong>Endere\u00e7o: <\/strong>Mercado da Esta\u00e7\u00e3o, Avenida Cear\u00e1, n\u00ba 4341<strong><br \/>\n<\/strong><\/p>\n<p><strong>Hor\u00e1rio: <\/strong>5 \u00e0s 18h<strong><br \/>\n<\/strong><\/p>\n<p><strong>Comunidade Rural: <\/strong>P.A Caquet\u00e1, P\u00f3lo Agroflorestal, Helio Pimenta, outras localidades.<strong><br \/>\n<\/strong><\/p>\n<p><strong>\u00a0<\/strong><\/p>\n<p><strong>Bairro: <\/strong>Manoel Juli\u00e3o<strong><br \/>\n<\/strong><\/p>\n<p><strong>Dia da Semana: <\/strong>Di\u00e1rio<strong><br \/>\n<\/strong><\/p>\n<p><strong>Endere\u00e7o: <\/strong>Rua Conquista, em frente ao Supermercado Pague Pouco<strong><br \/>\n<\/strong><\/p>\n<p><strong>Hor\u00e1rio: <\/strong>5h \u00e0s 16h30<strong><br \/>\n<\/strong><\/p>\n<p><strong>Comunidade Rural: <\/strong>Grupo de Moradores de Bairro<strong><br \/>\n<\/strong><\/p>\n<p><strong>\u00a0<\/strong><\/p>\n<p><strong>Bairro: <\/strong>Centro<strong><br \/>\n<\/strong><\/p>\n<p><strong>Dia da Semana: <\/strong>Di\u00e1rio<strong><br \/>\n<\/strong><\/p>\n<p><strong>Endere\u00e7o: <\/strong>Mercado Elias Mansour &#8211; Rua Benjamim Constant, n\u00ba 236<\/p>\n<p><strong>Hor\u00e1rio: <\/strong>Di\u00e1rio<strong><br \/>\n<\/strong><\/p>\n<p><strong>Comunidade Rural: <\/strong>P\u00f3lio Helio Pimenta e Geraldo Fleming, Cust\u00f3dio Freire, Moreno Maia, Panorama e outras<\/p>\n<p>&nbsp;<\/p>\n<p style=\"text-align: center;\"><img loading=\"lazy\" decoding=\"async\" style=\"border: 4px solid #ebebeb;\" src=\"\/lai\/wp-content\/uploads\/images\/Menu_Feiras_-_Adonay_Melo.JPG\" alt=\"\" width=\"515\" height=\"350\" \/><\/p>\n<p style=\"text-align: center;\">Foto: Adonay Melo\/Asscom<\/p>\n","protected":false},"excerpt":{"rendered":"<p>Foto: Asscom Bairro:\u00a0Esta\u00e7\u00e3o Experimental Dia da Semana: Quarta \u00e0 S\u00e1bado Endere\u00e7o: Mercado da Esta\u00e7\u00e3o, Avenida Cear\u00e1, n\u00ba 4341 Hor\u00e1rio: 5 \u00e0s 18h Comunidade Rural: P.A Caquet\u00e1, P\u00f3lo Agroflorestal, Helio Pimenta, outras localidades. \u00a0 Bairro: Manoel Juli\u00e3o Dia da Semana: Di\u00e1rio Endere\u00e7o: Rua Conquista, em frente ao Supermercado Pague Pouco Hor\u00e1rio: 5h \u00e0s 16h30 Comunidade Rural: [&hellip;]<\/p>\n","protected":false},"author":2,"featured_media":0,"parent":18,"menu_order":38,"comment_status":"open","ping_status":"open","template":"","meta":{"footnotes":""},"class_list":["post-190","page","type-page","status-publish","hentry"],"_links":{"self":[{"href":"https:\/\/cgm.riobranco.ac.gov.br\/lai\/wp-json\/wp\/v2\/pages\/190","targetHints":{"allow":["GET"]}}],"collection":[{"href":"https:\/\/cgm.riobranco.ac.gov.br\/lai\/wp-json\/wp\/v2\/pages"}],"about":[{"href":"https:\/\/cgm.riobranco.ac.gov.br\/lai\/wp-json\/wp\/v2\/types\/page"}],"author":[{"embeddable":true,"href":"https:\/\/cgm.riobranco.ac.gov.br\/lai\/wp-json\/wp\/v2\/users\/2"}],"replies":[{"embeddable":true,"href":"https:\/\/cgm.riobranco.ac.gov.br\/lai\/wp-json\/wp\/v2\/comments?post=190"}],"version-history":[{"count":2,"href":"https:\/\/cgm.riobranco.ac.gov.br\/lai\/wp-json\/wp\/v2\/pages\/190\/revisions"}],"predecessor-version":[{"id":946,"href":"https:\/\/cgm.riobranco.ac.gov.br\/lai\/wp-json\/wp\/v2\/pages\/190\/revisions\/946"}],"up":[{"embeddable":true,"href":"https:\/\/cgm.riobranco.ac.gov.br\/lai\/wp-json\/wp\/v2\/pages\/18"}],"wp:attachment":[{"href":"https:\/\/cgm.riobranco.ac.gov.br\/lai\/wp-json\/wp\/v2\/media?parent=190"}],"curies":[{"name":"wp","href":"https:\/\/api.w.org\/{rel}","templated":true}]}}