{"id":194,"date":"2013-10-02T03:54:47","date_gmt":"2013-10-02T03:54:47","guid":{"rendered":"http:\/\/portalcgm.riobranco.ac.gov.br\/lai\/unidades-saude-familia\/"},"modified":"2016-02-22T20:00:45","modified_gmt":"2016-02-22T20:00:45","slug":"unidades-saude-familia","status":"publish","type":"page","link":"https:\/\/cgm.riobranco.ac.gov.br\/lai\/encontre-em-rio-branco\/unidades-saude-familia\/","title":{"rendered":"Unidades de Sa\u00fade da Fam\u00edlia"},"content":{"rendered":"<hr \/>\n<p style=\"text-align: center;\">\u00a0<img loading=\"lazy\" decoding=\"async\" class=\"jcepopup\" style=\"border: 4px solid #ebebeb; display: block; margin-left: auto; margin-right: auto;\" src=\"\/lai\/wp-content\/uploads\/images\/ARQUIVOS\/37_Imagens\/Posto_de_Sa\u00fade__e_inaugurada_no_tancrendo_neves_Platiude_familiares_da_homenegeada_5__Foto_marcos_Vicentti.jpg\" alt=\"\" width=\"500\" height=\"350\" \/>Foto: Marcos Vicentti\/Asscom<\/p>\n<p>&nbsp;<\/p>\n<p>&nbsp;<\/p>\n<p><strong>Unidade de Sa\u00fade da Fam\u00edlia \u201cBoa Uni\u00e3o\u201d<\/strong><\/p>\n<p><strong>Endere\u00e7o:<\/strong> Rua 10 de Janeiro, n\u00ba 160 \u2013 Bairro\u00a0Boa Uni\u00e3o<\/p>\n<p><strong>Fone:<\/strong> 3225-6002<\/p>\n<p><strong>Hor\u00e1rio de Funcionamento:<\/strong> 7h \u00e0s 12h e 14h \u00e0s 17h<\/p>\n<p>&nbsp;<\/p>\n<p><strong>Unidade de Sa\u00fade da Fam\u00edlia \u201cChico Mendes I\u201d<\/strong><\/p>\n<p><strong>Endere\u00e7o:<\/strong> Rua Louren\u00e7o Lopes, n\u00ba 1.032 \u2013 Bairro Chico Mendes<\/p>\n<p><strong>Fone:<\/strong> 3211-2117\/3223-7807<\/p>\n<p><strong>Hor\u00e1rio de Funcionamento:<\/strong> 7h \u00e0s 12h e 14h \u00e0s 17h<\/p>\n<p>&nbsp;<\/p>\n<p><strong>Unidade de Sa\u00fade da Fam\u00edlia \u201cLuiz Gonzaga de Lima Carneiro&#8221; (Altamira)<\/strong><\/p>\n<p><strong>Endere\u00e7o:<\/strong> Rua Altamira, S\/N\u00a0\u2013 Bairro\u00a0Altamira<\/p>\n<p><strong>Fone:<\/strong> 3211-2117\/3223-7807<\/p>\n<p><strong>Hor\u00e1rio de Funcionamento:<\/strong> 7h \u00e0s 12h e 14h \u00e0s 17h<\/p>\n<p>&nbsp;<\/p>\n<p><strong>Unidade de Sa\u00fade da Fam\u00edlia \u201cAmap\u00e1 Rural\u201d<\/strong><\/p>\n<p><strong>Endere\u00e7o:<\/strong> Estrada do Amap\u00e1, n\u00ba 3.266 \u2013 Bairro Amap\u00e1<\/p>\n<p><strong>Fone:<\/strong> 3221-4532<\/p>\n<p><strong>Hor\u00e1rio de Funcionamento:<\/strong> 7h \u00e0s 12h e 14h \u00e0s 17h<\/p>\n<p>&nbsp;<\/p>\n<p><strong>Unidade de Sa\u00fade da Fam\u00edlia \u201cBenfica\u201d<\/strong><\/p>\n<p><strong>Endere\u00e7o:<\/strong> Rodovia AC 40, Km 9, S\/N \u2013 Bairro Benfica<\/p>\n<p><strong>Fone:<\/strong> 3221-6693<\/p>\n<p><strong>Hor\u00e1rio de Funcionamento:<\/strong> 7h \u00e0s 12h e 14h \u00e0s 17h<\/p>\n<p>&nbsp;<\/p>\n<p><strong>Unidade de Sa\u00fade da Fam\u00edlia \u201cMaria de Jesus Andrade&#8221; (Taquari)<\/strong><\/p>\n<p><strong>Endere\u00e7o:<\/strong> Rua Baguari, n\u00ba 2.381 \u2013 Bairro Taquari<\/p>\n<p><strong>Fone:<\/strong> 3221-3487<\/p>\n<p><strong>Hor\u00e1rio de Funcionamento:<\/strong> 7h \u00e0s 12h e 14h \u00e0s 17h<\/p>\n<p>&nbsp;<\/p>\n<p><strong>Unidade de Sa\u00fade da Fam\u00edlia \u201cTaquari II\u201d<\/strong><\/p>\n<p><strong>Endere\u00e7o:<\/strong> Rua do Passeio, n\u00ba 603 \u2013 Bairro Taquari<\/p>\n<p><strong>Fone:<\/strong> 3221-3205<\/p>\n<p><strong>Hor\u00e1rio de Funcionamento:<\/strong> 7h \u00e0s 12h e 14h \u00e0s 17h<\/p>\n<p>&nbsp;<\/p>\n<p><strong>Unidade de Sa\u00fade da Fam\u00edlia \u201cTri\u00e2ngulo Novo\u201d<\/strong><\/p>\n<p><strong>Endere\u00e7o:<\/strong> Rua Maria de Lurdes \u2013 Bairro Tri\u00e2ngulo Novo<\/p>\n<p><strong>Fone:<\/strong> 3221-8905<\/p>\n<p><strong>Hor\u00e1rio de Funcionamento:<\/strong> 7h \u00e0s 12h e 14h \u00e0s 17h<\/p>\n<p>&nbsp;<\/p>\n<p><strong>Unidade de Sa\u00fade da Fam\u00edlia \u201cBelo Jardim I\u201d<\/strong><\/p>\n<p><strong>Endere\u00e7o:<\/strong> Rua Princesinha, n\u00ba 391 \u2013 Bairro Belo Jardim I<\/p>\n<p><strong>Fone:<\/strong> 3221-4037<\/p>\n<p><strong>Hor\u00e1rio de Funcionamento:<\/strong> 7h \u00e0s 12h e 14h \u00e0s 17h<\/p>\n<p>&nbsp;<\/p>\n<p><strong>Unidade de Sa\u00fade da Fam\u00edlia \u201cSanta In\u00eas I e II\u201d<\/strong><\/p>\n<p><strong>Endere\u00e7o:<\/strong> Rua Edmundo Pinto, n\u00ba 314 \u2013 Bairro Santa In\u00eas<\/p>\n<p><strong>Fone:<\/strong> 3221-7703\/3221-8947<\/p>\n<p><strong>Hor\u00e1rio de Funcionamento:<\/strong> 7h \u00e0s 12h e 14h \u00e0s 17h<\/p>\n<p>&nbsp;<\/p>\n<p><strong>Unidade de Sa\u00fade da Fam\u00edlia \u201cMaria da Concei\u00e7\u00e3o\u201d<\/strong><\/p>\n<p><strong>Endere\u00e7o:<\/strong> Rua Primavera, n\u00ba 36\u00a0\u2013 Bairro Belo Jardim 1<\/p>\n<p><strong>Fone:<\/strong> 3221-1104<\/p>\n<p><strong>Hor\u00e1rio de Funcionamento:<\/strong> 7h \u00e0s 12h e 14h \u00e0s 17h<\/p>\n<p>&nbsp;<\/p>\n<p><strong>Unidade de Sa\u00fade da Fam\u00edlia \u201cAyrton Senna I e II\u201d<\/strong><\/p>\n<p><strong>Endere\u00e7o:<\/strong> Rua Salina, n\u00ba212 &#8211; Bairro Ayrton Senna<\/p>\n<p><strong>Fone:<\/strong> 3225-3318<\/p>\n<p><strong>Hor\u00e1rio de Funcionamento:<\/strong> 7h \u00e0s 12h e 14h \u00e0s 17h<\/p>\n<p>&nbsp;<\/p>\n<p><strong>Unidade de Sa\u00fade da Fam\u00edlia \u201cBoa Uni\u00e3o\u201d<\/strong><\/p>\n<p><strong>Endere\u00e7o:<\/strong> Rua 10 de Janeiro, n\u00ba 160 \u2013 Bairro Boa Uni\u00e3o<\/p>\n<p><strong>Fone:<\/strong> 3225-6002<\/p>\n<p><strong>Hor\u00e1rio de Funcionamento:<\/strong> 7h \u00e0s 12h e 14h \u00e0s 17h<\/p>\n<p>&nbsp;<\/p>\n<p><strong>Unidade de Sa\u00fade da Fam\u00edlia \u201cCidade Nova II\u201d<\/strong><\/p>\n<p><strong>Endere\u00e7o:<\/strong> Rua Baixa Verde, n\u00ba 420 \u2013 Bairro Cidade Nova<\/p>\n<p><strong>Fone:<\/strong> 3224-5062<\/p>\n<p><strong>Hor\u00e1rio de Funcionamento:<\/strong> 7h \u00e0s 12h e 14h \u00e0s 17h<\/p>\n<p>&nbsp;<\/p>\n<p><strong>Unidade de Sa\u00fade da Fam\u00edlia \u201cQuinze I\u201d<\/strong><\/p>\n<p><strong>Endere\u00e7o:<\/strong> Travessa Fl\u00e1vio Baptista, n\u00ba 28 \u2013 Bairro Tri\u00e2ngulo Velho<\/p>\n<p><strong>Fone:<\/strong> 3221-3148<\/p>\n<p><strong>Hor\u00e1rio de Funcionamento:<\/strong> 7h \u00e0s 12h e 14h \u00e0s 17h<\/p>\n<p>&nbsp;<\/p>\n<p><strong>Unidade de Sa\u00fade da Fam\u00edlia \u201cRaimunda\u00a0Dion\u00edsio\u00a0da Silva&#8221; \u00a0(Cambre\u00fava)<\/strong><\/p>\n<p><strong>Endere\u00e7o:<\/strong>\u00a0Rua Juricaba, S\/N\u00a0\u2013 Bairro\u00a0Jo\u00e3o Paulo<\/p>\n<p><strong>Fone:<\/strong> 3242-2774<\/p>\n<p><strong>Hor\u00e1rio de Funcionamento:<\/strong> 7h \u00e0s 12h e 14h \u00e0s 17h<\/p>\n<p>&nbsp;<\/p>\n<p><strong>Unidade de Sa\u00fade da Fam\u00edlia \u201cSanta Cec\u00edlia\u201d<\/strong><\/p>\n<p><strong>Endere\u00e7o:<\/strong> Rua Flaviano Melo, n\u00ba 82 , BR 364, Km 9 \u2013 Vila Santa Cec\u00edlia<\/p>\n<p><strong>Fone:<\/strong> 3248-6372<\/p>\n<p><strong>Hor\u00e1rio de Funcionamento:<\/strong> 7h \u00e0s 12h e 14h \u00e0s 17h<\/p>\n<p>&nbsp;<\/p>\n<p><strong>Unidade de Sa\u00fade da Fam\u00edlia \u201cBelo Jardim Rural III\u201d<\/strong><\/p>\n<p><strong>Endere\u00e7o:<\/strong> Rua Ramal Belo Jardim, Km 7<\/p>\n<p><strong>Fone:<\/strong><\/p>\n<p><strong>Hor\u00e1rio de Funcionamento:\u00a0<\/strong>7h \u00e0s 12h e 14h \u00e0s 17h<\/p>\n<p>&nbsp;<\/p>\n<p><strong>Unidade de Sa\u00fade da Fam\u00edlia \u201cBaixada da Habitasa\u201d<\/strong><\/p>\n<p><strong>Endere\u00e7o:<\/strong> Rua Peru, n\u00ba 445 \u2013 Bairro Habitasa<\/p>\n<p><strong>Fone:<\/strong> 3223-6237<\/p>\n<p><strong>Hor\u00e1rio de Funcionamento:<\/strong> 7h \u00e0s 12h e 14h \u00e0s 17h<\/p>\n<p>&nbsp;<\/p>\n<p><strong>Unidade de Sa\u00fade da Fam\u00edlia \u201cUniversit\u00e1rio\u201d \u2013 Dr. N\u00edmeo Insfram<\/strong><\/p>\n<p><strong>Endere\u00e7o:<\/strong> Av. Maria Jose de Oliveira, n\u00ba 1.061, Conj. Universit\u00e1rio \u2013 Bairro Distrito Industrial<\/p>\n<p><strong>Fone:<\/strong> 3229-6425<\/p>\n<p><strong>Hor\u00e1rio de Funcionamento:<\/strong> 7h \u00e0s 12h e 14h \u00e0s 17h<\/p>\n<p>&nbsp;<\/p>\n<p><strong>Unidade de Sa\u00fade da Fam\u00edlia \u201cBase\u201d<\/strong><\/p>\n<p><strong>Endere\u00e7o:<\/strong> Rua Estado do Acre, n\u00ba 200 \u2013 Bairro Base<\/p>\n<p><strong>Fone:<\/strong> 3223-5964<\/p>\n<p><strong>Hor\u00e1rio de Funcionamento:<\/strong> 7h \u00e0s 12h e 14h \u00e0s 17h<\/p>\n<p>&nbsp;<\/p>\n<p><strong>Unidade de Sa\u00fade da Fam\u00edlia \u201cSeis de Agosto II\u201d<\/strong><\/p>\n<p><strong>Endere\u00e7o:<\/strong> Rua 1\u00ba de Maio, n\u00ba 394 \u2013 Bairro Seis de Agosto<\/p>\n<p><strong>Fone:<\/strong> 3211-2120<\/p>\n<p><strong>Hor\u00e1rio de Funcionamento:<\/strong> 7h \u00e0s 12h e 14h \u00e0s 17h<\/p>\n<p>&nbsp;<\/p>\n<p><strong>Unidade de Sa\u00fade da Fam\u00edlia \u201cCadeia Velha I\u201d<\/strong><\/p>\n<p><strong>Endere\u00e7o:<\/strong> Rua S\u00e3o Pedro, n\u00ba 123 \u2013 Bairro Cadeia Velha<\/p>\n<p><strong>Fone:<\/strong> 3224-2200<\/p>\n<p><strong>Hor\u00e1rio de Funcionamento:<\/strong> 7h \u00e0s 12h e 14h \u00e0s 17h<\/p>\n<p>&nbsp;<\/p>\n<p><strong>Unidade de Sa\u00fade da Fam\u00edlia \u201cCadeia Velha II\u201d<\/strong><\/p>\n<p><strong>Endere\u00e7o:<\/strong> Rua Epaminondas Jacome, n\u00ba 1.878 \u2013 Bairro Cadeia Velha<\/p>\n<p><strong>Fone:<\/strong> 3223-4496<\/p>\n<p><strong>Hor\u00e1rio de Funcionamento:<\/strong> 7h \u00e0s 12h e 14h \u00e0s 17h<\/p>\n<p>&nbsp;<\/p>\n<p><strong>Unidade de Sa\u00fade da Fam\u00edlia \u201cMocinha Magalh\u00e3es\u201d<\/strong><\/p>\n<p><strong>Endere\u00e7o:<\/strong> Rua da Banana, S\/N \u2013 Bairro Mocinha Magalh\u00e3es<\/p>\n<p><strong>Fone:<\/strong> 3229-5317<\/p>\n<p><strong>Hor\u00e1rio de Funcionamento:<\/strong> 7h \u00e0s 12h e 14h \u00e0s 17h<\/p>\n<p>&nbsp;<\/p>\n<p><strong>Unidade de Sa\u00fade da Fam\u00edlia \u201cJardim Primavera\u201d<\/strong><\/p>\n<p><strong>Endere\u00e7o:<\/strong> Rua Azal\u00e9ia, n\u00ba 95 \u2013 Bairro Jardim Primavera<\/p>\n<p><strong>Fone:<\/strong> 3226-4171<\/p>\n<p><strong>Hor\u00e1rio de Funcionamento:<\/strong> 7h \u00e0s 12h e 14h \u00e0s 17h<\/p>\n<p>&nbsp;<\/p>\n<p><strong>Unidade de Sa\u00fade da Fam\u00edlia \u201cRui Lino\u201d<\/strong><\/p>\n<p><strong>Endere\u00e7o:<\/strong> Rua Amap\u00e1, S\/N \u2013 Bairro\u00a0Rui Lino II<\/p>\n<p><strong>Fone:<\/strong> 3229-6463<\/p>\n<p><strong>Hor\u00e1rio de Funcionamento:<\/strong> 7h \u00e0s 12h e 14h \u00e0s 17h<\/p>\n<p>&nbsp;<\/p>\n<p><strong>Unidade de Sa\u00fade da Fam\u00edlia \u201cFloresta Sul\u201d<\/strong><\/p>\n<p><strong>Endere\u00e7o:<\/strong> Rua Santa Maria, n\u00ba 248 \u2013 Bairro Jo\u00e3o Eduardo I<\/p>\n<p><strong>Fone:<\/strong> 3225-6707<\/p>\n<p><strong>Hor\u00e1rio de Funcionamento:<\/strong> 7h \u00e0s 12h e 14h \u00e0s 17h<\/p>\n<p>&nbsp;<\/p>\n<p><strong>Unidade de Sa\u00fade da Fam\u00edlia \u201cSalgado Filho\u201d<\/strong><\/p>\n<p><strong>Endere\u00e7o:<\/strong> Rua Leblon, n\u00ba 47 \u2013 Bairro Prevent\u00f3rio<\/p>\n<p><strong>Fone:<\/strong> 3223-2136<\/p>\n<p><strong>Hor\u00e1rio de Funcionamento:<\/strong> 7h \u00e0s 12h e 14h \u00e0s 17h<\/p>\n<p>&nbsp;<\/p>\n<p><strong>Unidade de Sa\u00fade da Fam\u00edlia \u201cPl\u00e1cido de Castro\u201d<\/strong><\/p>\n<p><strong>Endere\u00e7o:<\/strong> Rua Travessa 2 de Junho, n\u00ba 172 \u2013 Bairro Pl\u00e1cido de Castro<\/p>\n<p><strong>Fone:<\/strong> 3242-0607<\/p>\n<p><strong>Hor\u00e1rio de Funcionamento:<\/strong> 7h \u00e0s 12h e 14h \u00e0s 17h<\/p>\n<p>&nbsp;<\/p>\n<p><strong>Unidade de Sa\u00fade da Fam\u00edlia \u201cProjeto Figueira\u201d<\/strong><\/p>\n<p><strong>Endere\u00e7o:<\/strong> Estrada Transacreana, Km 58<\/p>\n<p><strong>Fone:<\/strong> 3213-2532<\/p>\n<p><strong>Hor\u00e1rio de Funcionamento: <\/strong>8h \u00e0s 15h<\/p>\n<p>&nbsp;<\/p>\n<p><strong>Unidade de Sa\u00fade da Fam\u00edlia \u201cVila da Amizade\u201d<\/strong><\/p>\n<p><strong>Endere\u00e7o:<\/strong> Rua Monte Sinai, n\u00ba 324 \u2013 Bairro Santa Helena<\/p>\n<p><strong>Fone:<\/strong> 3221-4620<\/p>\n<p><strong>Hor\u00e1rio de Funcionamento:<\/strong> 7h \u00e0s 12h e 14h \u00e0s 17h<\/p>\n<p>&nbsp;<\/p>\n<p><strong>Unidade de Sa\u00fade da Fam\u00edlia \u201cBenfica\u201d<\/strong><\/p>\n<p><strong>Endere\u00e7o:<\/strong> Rodovia AC 40, Km 9, S\/N &#8211; Benfica<\/p>\n<p><strong>Fone:<\/strong> 3221-6693<\/p>\n<p><strong>Hor\u00e1rio de Funcionamento:<\/strong> 7h \u00e0s 12h e 14h \u00e0s 17h<\/p>\n<p>&nbsp;<\/p>\n<p><strong>Unidade de Sa\u00fade da Fam\u00edlia \u201cAdalberto Arag\u00e3o\u201d<\/strong><\/p>\n<p><strong>Endere\u00e7o:<\/strong> Rua Mauri Sergio, n\u00ba 198 \u2013 Bairro Adalberto Arag\u00e3o<\/p>\n<p><strong>Fone:<\/strong> 3223-1310<\/p>\n<p><strong>Hor\u00e1rio de Funcionamento:<\/strong> 7h \u00e0s 12h e 14h \u00e0s 17h<\/p>\n<p>&nbsp;<\/p>\n<p><strong>Unidade de Sa\u00fade da Fam\u00edlia \u201cPlatilde Oliveira da Silva\u201d<\/strong><\/p>\n<p><strong>Endere\u00e7o:<\/strong> Av. Flaviano Melo, S\/N \u2013 Bairro Tancredo Neves<\/p>\n<p><strong>Fone:<\/strong> 3228-6971\/3228-6064<\/p>\n<p><strong>Hor\u00e1rio de Funcionamento:<\/strong> 7h \u00e0s 12h e 14h \u00e0s 17h<\/p>\n<p>&nbsp;<\/p>\n<p><strong>Unidade de Sa\u00fade da Fam\u00edlia \u201cElpideo Moreira Souza\u201d<\/strong><\/p>\n<p><strong>Endere\u00e7o:<\/strong> Rua Pra\u00e7a \u2013 Bairro Defesa Civil<\/p>\n<p><strong>Fone:<\/strong> 3228-0173<\/p>\n","protected":false},"excerpt":{"rendered":"<p>\u00a0Foto: Marcos Vicentti\/Asscom &nbsp; &nbsp; Unidade de Sa\u00fade da Fam\u00edlia \u201cBoa Uni\u00e3o\u201d Endere\u00e7o: Rua 10 de Janeiro, n\u00ba 160 \u2013 Bairro\u00a0Boa Uni\u00e3o Fone: 3225-6002 Hor\u00e1rio de Funcionamento: 7h \u00e0s 12h e 14h \u00e0s 17h &nbsp; Unidade de Sa\u00fade da Fam\u00edlia \u201cChico Mendes I\u201d Endere\u00e7o: Rua Louren\u00e7o Lopes, n\u00ba 1.032 \u2013 Bairro Chico Mendes Fone: 3211-2117\/3223-7807 [&hellip;]<\/p>\n","protected":false},"author":2,"featured_media":0,"parent":18,"menu_order":76,"comment_status":"open","ping_status":"open","template":"","meta":{"footnotes":""},"class_list":["post-194","page","type-page","status-publish","hentry"],"_links":{"self":[{"href":"https:\/\/cgm.riobranco.ac.gov.br\/lai\/wp-json\/wp\/v2\/pages\/194","targetHints":{"allow":["GET"]}}],"collection":[{"href":"https:\/\/cgm.riobranco.ac.gov.br\/lai\/wp-json\/wp\/v2\/pages"}],"about":[{"href":"https:\/\/cgm.riobranco.ac.gov.br\/lai\/wp-json\/wp\/v2\/types\/page"}],"author":[{"embeddable":true,"href":"https:\/\/cgm.riobranco.ac.gov.br\/lai\/wp-json\/wp\/v2\/users\/2"}],"replies":[{"embeddable":true,"href":"https:\/\/cgm.riobranco.ac.gov.br\/lai\/wp-json\/wp\/v2\/comments?post=194"}],"version-history":[{"count":18,"href":"https:\/\/cgm.riobranco.ac.gov.br\/lai\/wp-json\/wp\/v2\/pages\/194\/revisions"}],"predecessor-version":[{"id":1276,"href":"https:\/\/cgm.riobranco.ac.gov.br\/lai\/wp-json\/wp\/v2\/pages\/194\/revisions\/1276"}],"up":[{"embeddable":true,"href":"https:\/\/cgm.riobranco.ac.gov.br\/lai\/wp-json\/wp\/v2\/pages\/18"}],"wp:attachment":[{"href":"https:\/\/cgm.riobranco.ac.gov.br\/lai\/wp-json\/wp\/v2\/media?parent=194"}],"curies":[{"name":"wp","href":"https:\/\/api.w.org\/{rel}","templated":true}]}}