{"id":196,"date":"2013-10-02T18:59:50","date_gmt":"2013-10-02T18:59:50","guid":{"rendered":"http:\/\/portalcgm.riobranco.ac.gov.br\/lai\/urap\/"},"modified":"2023-05-09T09:26:18","modified_gmt":"2023-05-09T14:26:18","slug":"urap","status":"publish","type":"page","link":"https:\/\/cgm.riobranco.ac.gov.br\/lai\/encontre-em-rio-branco\/urap\/","title":{"rendered":"Unidades de Refer\u00eancia em Aten\u00e7\u00e3o Prim\u00e1ria &#8211; URAP&#8217;s"},"content":{"rendered":"<hr \/>\n<p style=\"text-align: justify;\"><strong>URAP &#8211; Roney Meireles<\/strong><\/p>\n<p style=\"text-align: justify;\">Endere\u00e7o: Rua Gavi\u00e3o, s\/n\u00ba &#8211; Bairro Adalberto Sena<\/p>\n<p style=\"text-align: justify;\">Telefone: 3228-2329<\/p>\n<p style=\"text-align: justify;\">Hor\u00e1rio de Funcionamento: 7h \u00e0s 19h<\/p>\n<p style=\"text-align: justify;\">\n<p style=\"text-align: justify;\"><strong>URAP &#8211; Eduardo Assmar<\/strong><\/p>\n<p style=\"text-align: justify;\">Endere\u00e7o: Rua Salim M. Faraht, S\/N &#8211; Bairro Quinze<\/p>\n<p style=\"text-align: justify;\">Telefone:\u00a03221-0925<\/p>\n<p style=\"text-align: justify;\">Hor\u00e1rio de Funcionamento: 7h \u00e0s 19h<\/p>\n<p style=\"text-align: justify;\">\n<p style=\"text-align: justify;\"><strong>URAP &#8211; Augusto Hidalgo de Lima<\/strong><\/p>\n<p style=\"text-align: justify;\">Endere\u00e7o: Rua Ti\u00e3o Natureza, n\u00ba 29 &#8211; Bairro Palheiral<\/p>\n<p style=\"text-align: justify;\">Telefone:\u00a03225-6495\/3242-0490<\/p>\n<p style=\"text-align: justify;\">Hor\u00e1rio de Funcionamento: 7h \u00e0s 19h<\/p>\n<p style=\"text-align: justify;\">\n<p style=\"text-align: justify;\"><strong>URAP &#8211; Cla\u00fadia Vitoriono<\/strong><\/p>\n<p style=\"text-align: justify;\">Endere\u00e7o: Rua Baguari, n\u00ba 040 &#8211; Bairro Taquari<\/p>\n<p style=\"text-align: justify;\">Telefone:<\/p>\n<p style=\"text-align: justify;\">Hor\u00e1rio de Funcionamento:\u00a07h \u00e0s 19h<\/p>\n<p style=\"text-align: justify;\">\n<p style=\"text-align: justify;\"><strong>URAP &#8211; Rosangela Pimentel<\/strong><\/p>\n<p style=\"text-align: justify;\">Endere\u00e7o: Rua Maria Francisco Ribeiro, s\/n\u00ba &#8211; Bairro Calafate<\/p>\n<p style=\"text-align: justify;\">Telefone:<\/p>\n<p style=\"text-align: justify;\">Hor\u00e1rio de Funcionamento:\u00a07h \u00e0s 19h<\/p>\n","protected":false},"excerpt":{"rendered":"<p>URAP &#8211; Roney Meireles Endere\u00e7o: Rua Gavi\u00e3o, s\/n\u00ba &#8211; Bairro Adalberto Sena Telefone: 3228-2329 Hor\u00e1rio de Funcionamento: 7h \u00e0s 19h URAP &#8211; Eduardo Assmar Endere\u00e7o: Rua Salim M. Faraht, S\/N &#8211; Bairro Quinze Telefone:\u00a03221-0925 Hor\u00e1rio de Funcionamento: 7h \u00e0s 19h URAP &#8211; Augusto Hidalgo de Lima Endere\u00e7o: Rua Ti\u00e3o Natureza, n\u00ba 29 &#8211; Bairro Palheiral [&hellip;]<\/p>\n","protected":false},"author":2,"featured_media":0,"parent":18,"menu_order":75,"comment_status":"open","ping_status":"open","template":"","meta":{"footnotes":""},"class_list":["post-196","page","type-page","status-publish","hentry"],"_links":{"self":[{"href":"https:\/\/cgm.riobranco.ac.gov.br\/lai\/wp-json\/wp\/v2\/pages\/196","targetHints":{"allow":["GET"]}}],"collection":[{"href":"https:\/\/cgm.riobranco.ac.gov.br\/lai\/wp-json\/wp\/v2\/pages"}],"about":[{"href":"https:\/\/cgm.riobranco.ac.gov.br\/lai\/wp-json\/wp\/v2\/types\/page"}],"author":[{"embeddable":true,"href":"https:\/\/cgm.riobranco.ac.gov.br\/lai\/wp-json\/wp\/v2\/users\/2"}],"replies":[{"embeddable":true,"href":"https:\/\/cgm.riobranco.ac.gov.br\/lai\/wp-json\/wp\/v2\/comments?post=196"}],"version-history":[{"count":4,"href":"https:\/\/cgm.riobranco.ac.gov.br\/lai\/wp-json\/wp\/v2\/pages\/196\/revisions"}],"predecessor-version":[{"id":4435,"href":"https:\/\/cgm.riobranco.ac.gov.br\/lai\/wp-json\/wp\/v2\/pages\/196\/revisions\/4435"}],"up":[{"embeddable":true,"href":"https:\/\/cgm.riobranco.ac.gov.br\/lai\/wp-json\/wp\/v2\/pages\/18"}],"wp:attachment":[{"href":"https:\/\/cgm.riobranco.ac.gov.br\/lai\/wp-json\/wp\/v2\/media?parent=196"}],"curies":[{"name":"wp","href":"https:\/\/api.w.org\/{rel}","templated":true}]}}