{"id":204,"date":"2013-10-03T12:39:28","date_gmt":"2013-10-03T12:39:28","guid":{"rendered":"http:\/\/portalcgm.riobranco.ac.gov.br\/lai\/rodoviaria-internacional\/"},"modified":"2016-02-22T21:35:43","modified_gmt":"2016-02-22T21:35:43","slug":"rodoviaria-internacional","status":"publish","type":"page","link":"https:\/\/cgm.riobranco.ac.gov.br\/lai\/encontre-em-rio-branco\/rodoviaria-internacional\/","title":{"rendered":"Rodovi\u00e1ria Internacional de Rio Branco"},"content":{"rendered":"<hr \/>\n<p>&nbsp;<\/p>\n<p><strong>Rodovi\u00e1ria Internacional de Rio Branco &#8220;Jess\u00e9 Santiago&#8221;<\/strong><\/p>\n<p><strong>Endere\u00e7o:<\/strong> Rodovia BR 364, S\/N &#8211; Via Verde &#8211; 2\u00ba Distrito (Em frente a UPA do 2\u00ba Distrito)<\/p>\n<p><strong>Hor\u00e1rio de Funcionamento Administrativo:<\/strong> Segunda a Sexta &#8211; 8h \u00e0s 12h e 14h \u00e0s 17h<\/p>\n<p>&nbsp;<\/p>\n<p><strong>Fone:<\/strong> 3221-3693<\/p>\n<p>&nbsp;<\/p>\n<hr \/>\n<p>&nbsp;<\/p>\n<p><strong>Hor\u00e1rios de sa\u00eddas e chegadas \u00e0 Rodovi\u00e1ria Internacional de Rio Branco &#8211; 2016<\/strong><\/p>\n<p><a href=\"https:\/\/cgm.riobranco.ac.gov.br\/lai\/wp-content\/uploads\/2013\/10\/Hor\u00e1rios-de-sa\u00eddas-e-chegadas-\u00e0-Rodovi\u00e1ria-Internacional-de-Rio-Branco-2016.xlsx\">Hor\u00e1rios de sa\u00eddas e chegadas \u00e0 Rodovi\u00e1ria Internacional de Rio Branco &#8211; 2016<\/a><\/p>\n","protected":false},"excerpt":{"rendered":"<p>&nbsp; Rodovi\u00e1ria Internacional de Rio Branco &#8220;Jess\u00e9 Santiago&#8221; Endere\u00e7o: Rodovia BR 364, S\/N &#8211; Via Verde &#8211; 2\u00ba Distrito (Em frente a UPA do 2\u00ba Distrito) Hor\u00e1rio de Funcionamento Administrativo: Segunda a Sexta &#8211; 8h \u00e0s 12h e 14h \u00e0s 17h &nbsp; Fone: 3221-3693 &nbsp; &nbsp; Hor\u00e1rios de sa\u00eddas e chegadas \u00e0 Rodovi\u00e1ria Internacional de [&hellip;]<\/p>\n","protected":false},"author":2,"featured_media":0,"parent":18,"menu_order":65,"comment_status":"open","ping_status":"open","template":"","meta":{"footnotes":""},"class_list":["post-204","page","type-page","status-publish","hentry"],"_links":{"self":[{"href":"https:\/\/cgm.riobranco.ac.gov.br\/lai\/wp-json\/wp\/v2\/pages\/204","targetHints":{"allow":["GET"]}}],"collection":[{"href":"https:\/\/cgm.riobranco.ac.gov.br\/lai\/wp-json\/wp\/v2\/pages"}],"about":[{"href":"https:\/\/cgm.riobranco.ac.gov.br\/lai\/wp-json\/wp\/v2\/types\/page"}],"author":[{"embeddable":true,"href":"https:\/\/cgm.riobranco.ac.gov.br\/lai\/wp-json\/wp\/v2\/users\/2"}],"replies":[{"embeddable":true,"href":"https:\/\/cgm.riobranco.ac.gov.br\/lai\/wp-json\/wp\/v2\/comments?post=204"}],"version-history":[{"count":13,"href":"https:\/\/cgm.riobranco.ac.gov.br\/lai\/wp-json\/wp\/v2\/pages\/204\/revisions"}],"predecessor-version":[{"id":1289,"href":"https:\/\/cgm.riobranco.ac.gov.br\/lai\/wp-json\/wp\/v2\/pages\/204\/revisions\/1289"}],"up":[{"embeddable":true,"href":"https:\/\/cgm.riobranco.ac.gov.br\/lai\/wp-json\/wp\/v2\/pages\/18"}],"wp:attachment":[{"href":"https:\/\/cgm.riobranco.ac.gov.br\/lai\/wp-json\/wp\/v2\/media?parent=204"}],"curies":[{"name":"wp","href":"https:\/\/api.w.org\/{rel}","templated":true}]}}