{"id":206,"date":"2013-10-03T18:48:13","date_gmt":"2013-10-03T18:48:13","guid":{"rendered":"http:\/\/portalcgm.riobranco.ac.gov.br\/lai\/canil-municipal\/"},"modified":"2015-06-11T19:03:29","modified_gmt":"2015-06-11T19:03:29","slug":"canil-municipal","status":"publish","type":"page","link":"https:\/\/cgm.riobranco.ac.gov.br\/lai\/encontre-em-rio-branco\/canil-municipal\/","title":{"rendered":"Canil Municipal"},"content":{"rendered":"<hr \/>\n<p>&nbsp;<\/p>\n<p><strong>Canil Municipal<\/strong><\/p>\n<p><strong>Endere\u00e7o:<\/strong> Rodovia AC-40, Km 9 &#8211; Estrada para Senador Guiomard<\/p>\n<p><strong>Fone:<\/strong> 3221-3561<\/p>\n<p><strong>Hor\u00e1rio de Funcionamento:<\/strong> 7h \u00e0s 18h<\/p>\n","protected":false},"excerpt":{"rendered":"<p>&nbsp; Canil Municipal Endere\u00e7o: Rodovia AC-40, Km 9 &#8211; Estrada para Senador Guiomard Fone: 3221-3561 Hor\u00e1rio de Funcionamento: 7h \u00e0s 18h<\/p>\n","protected":false},"author":2,"featured_media":0,"parent":18,"menu_order":8,"comment_status":"open","ping_status":"open","template":"","meta":{"footnotes":""},"class_list":["post-206","page","type-page","status-publish","hentry"],"_links":{"self":[{"href":"https:\/\/cgm.riobranco.ac.gov.br\/lai\/wp-json\/wp\/v2\/pages\/206","targetHints":{"allow":["GET"]}}],"collection":[{"href":"https:\/\/cgm.riobranco.ac.gov.br\/lai\/wp-json\/wp\/v2\/pages"}],"about":[{"href":"https:\/\/cgm.riobranco.ac.gov.br\/lai\/wp-json\/wp\/v2\/types\/page"}],"author":[{"embeddable":true,"href":"https:\/\/cgm.riobranco.ac.gov.br\/lai\/wp-json\/wp\/v2\/users\/2"}],"replies":[{"embeddable":true,"href":"https:\/\/cgm.riobranco.ac.gov.br\/lai\/wp-json\/wp\/v2\/comments?post=206"}],"version-history":[{"count":1,"href":"https:\/\/cgm.riobranco.ac.gov.br\/lai\/wp-json\/wp\/v2\/pages\/206\/revisions"}],"predecessor-version":[{"id":339,"href":"https:\/\/cgm.riobranco.ac.gov.br\/lai\/wp-json\/wp\/v2\/pages\/206\/revisions\/339"}],"up":[{"embeddable":true,"href":"https:\/\/cgm.riobranco.ac.gov.br\/lai\/wp-json\/wp\/v2\/pages\/18"}],"wp:attachment":[{"href":"https:\/\/cgm.riobranco.ac.gov.br\/lai\/wp-json\/wp\/v2\/media?parent=206"}],"curies":[{"name":"wp","href":"https:\/\/api.w.org\/{rel}","templated":true}]}}