{"id":241,"date":"2013-10-18T02:39:43","date_gmt":"2013-10-18T02:39:43","guid":{"rendered":"http:\/\/portalcgm.riobranco.ac.gov.br\/lai\/normas-declaracao-utilidade-publica\/"},"modified":"2023-07-18T10:00:21","modified_gmt":"2023-07-18T15:00:21","slug":"normas-declaracao-utilidade-publica","status":"publish","type":"page","link":"https:\/\/cgm.riobranco.ac.gov.br\/lai\/orientacoes\/normas-declaracao-utilidade-publica\/","title":{"rendered":"Declara\u00e7\u00e3o de Utilidade P\u00fablica"},"content":{"rendered":"<hr \/>\n<h4 style=\"text-align: justify;\">(PDF)\u00a0<a href=\"\/lai\/wp-content\/uploads\/images\/ARQUIVOS\/24_Legisla\u00e7\u00e3o\/LEIS\/LEI%20N\u00ba%202.005%20DE%2020.09.2013%20-%20Normas%20para%20Declara\u00e7\u00e3o%20de%20Utilidade%20p\u00fablica.pdf\" target=\"_blank\">LEI N\u00ba 2.005, DE 20 DE SETEMBRO DE 2013 &#8211; Normas para Declara\u00e7\u00e3o de Utilidade P\u00fablica<\/a><\/h4>\n<p style=\"text-align: justify;\">\u201cDisp\u00f5e sobre normas para declara\u00e7\u00e3o de utilidade p\u00fablica de sociedades civis, religiosas, associa\u00e7\u00f5es, sindicatos e funda\u00e7\u00f5es, constitu\u00eddas no Munic\u00edpio de Rio Branco, e d\u00e1 outras provid\u00eancias.\u201d<\/p>\n","protected":false},"excerpt":{"rendered":"<p>(PDF)\u00a0LEI N\u00ba 2.005, DE 20 DE SETEMBRO DE 2013 &#8211; Normas para Declara\u00e7\u00e3o de Utilidade P\u00fablica \u201cDisp\u00f5e sobre normas para declara\u00e7\u00e3o de utilidade p\u00fablica de sociedades civis, religiosas, associa\u00e7\u00f5es, sindicatos e funda\u00e7\u00f5es, constitu\u00eddas no Munic\u00edpio de Rio Branco, e d\u00e1 outras provid\u00eancias.\u201d<\/p>\n","protected":false},"author":2,"featured_media":0,"parent":20,"menu_order":12,"comment_status":"open","ping_status":"open","template":"","meta":{"footnotes":""},"class_list":["post-241","page","type-page","status-publish","hentry"],"_links":{"self":[{"href":"https:\/\/cgm.riobranco.ac.gov.br\/lai\/wp-json\/wp\/v2\/pages\/241","targetHints":{"allow":["GET"]}}],"collection":[{"href":"https:\/\/cgm.riobranco.ac.gov.br\/lai\/wp-json\/wp\/v2\/pages"}],"about":[{"href":"https:\/\/cgm.riobranco.ac.gov.br\/lai\/wp-json\/wp\/v2\/types\/page"}],"author":[{"embeddable":true,"href":"https:\/\/cgm.riobranco.ac.gov.br\/lai\/wp-json\/wp\/v2\/users\/2"}],"replies":[{"embeddable":true,"href":"https:\/\/cgm.riobranco.ac.gov.br\/lai\/wp-json\/wp\/v2\/comments?post=241"}],"version-history":[{"count":6,"href":"https:\/\/cgm.riobranco.ac.gov.br\/lai\/wp-json\/wp\/v2\/pages\/241\/revisions"}],"predecessor-version":[{"id":4757,"href":"https:\/\/cgm.riobranco.ac.gov.br\/lai\/wp-json\/wp\/v2\/pages\/241\/revisions\/4757"}],"up":[{"embeddable":true,"href":"https:\/\/cgm.riobranco.ac.gov.br\/lai\/wp-json\/wp\/v2\/pages\/20"}],"wp:attachment":[{"href":"https:\/\/cgm.riobranco.ac.gov.br\/lai\/wp-json\/wp\/v2\/media?parent=241"}],"curies":[{"name":"wp","href":"https:\/\/api.w.org\/{rel}","templated":true}]}}