{"id":247,"date":"2013-10-24T19:01:18","date_gmt":"2013-10-24T19:01:18","guid":{"rendered":"http:\/\/portalcgm.riobranco.ac.gov.br\/lai\/biblioteca-da-floresta\/"},"modified":"2015-06-11T19:02:32","modified_gmt":"2015-06-11T19:02:32","slug":"biblioteca-da-floresta","status":"publish","type":"page","link":"https:\/\/cgm.riobranco.ac.gov.br\/lai\/encontre-em-rio-branco\/biblioteca-da-floresta\/","title":{"rendered":"Biblioteca da Floresta"},"content":{"rendered":"<hr \/>\n<p>&nbsp;<\/p>\n<p style=\"text-align: center;\"><img loading=\"lazy\" decoding=\"async\" class=\"jcepopup\" style=\"border: 4px solid #ebebeb;\" src=\"\/lai\/wp-content\/uploads\/images\/ARQUIVOS\/37_Imagens\/Bibliteca_Marina.png\" alt=\"\" width=\"500\" height=\"350\" \/><\/p>\n<p style=\"text-align: center;\"><strong>Endere\u00e7o:<\/strong> Via Parque da Maternidade, s\/n\u00ba &#8211; Centro<\/p>\n<p style=\"text-align: center;\"><strong>Tel:<\/strong> 68 3223-9939 \/ Fax: 68 3223-5659<\/p>\n<p style=\"text-align: center;\"><strong>Email:<\/strong> <a href=\"mailto:biblioteca.floresta@ac.gov.br\">biblioteca.floresta@ac.gov.br<\/a><\/p>\n<p style=\"text-align: center;\"><strong>Hor\u00e1rio de Atendimento:<\/strong> Segunda a Sexta &#8211; Feira &#8211; 8h \u00e0s 21h<\/p>\n<p style=\"text-align: center;\">S\u00e1bado &#8211; 14h \u00e0s 20h<\/p>\n<p style=\"text-align: center;\">Domingo e Feriados: fechado<\/p>\n","protected":false},"excerpt":{"rendered":"<p>&nbsp; Endere\u00e7o: Via Parque da Maternidade, s\/n\u00ba &#8211; Centro Tel: 68 3223-9939 \/ Fax: 68 3223-5659 Email: biblioteca.floresta@ac.gov.br Hor\u00e1rio de Atendimento: Segunda a Sexta &#8211; Feira &#8211; 8h \u00e0s 21h S\u00e1bado &#8211; 14h \u00e0s 20h Domingo e Feriados: fechado<\/p>\n","protected":false},"author":2,"featured_media":0,"parent":18,"menu_order":5,"comment_status":"open","ping_status":"open","template":"","meta":{"footnotes":""},"class_list":["post-247","page","type-page","status-publish","hentry"],"_links":{"self":[{"href":"https:\/\/cgm.riobranco.ac.gov.br\/lai\/wp-json\/wp\/v2\/pages\/247","targetHints":{"allow":["GET"]}}],"collection":[{"href":"https:\/\/cgm.riobranco.ac.gov.br\/lai\/wp-json\/wp\/v2\/pages"}],"about":[{"href":"https:\/\/cgm.riobranco.ac.gov.br\/lai\/wp-json\/wp\/v2\/types\/page"}],"author":[{"embeddable":true,"href":"https:\/\/cgm.riobranco.ac.gov.br\/lai\/wp-json\/wp\/v2\/users\/2"}],"replies":[{"embeddable":true,"href":"https:\/\/cgm.riobranco.ac.gov.br\/lai\/wp-json\/wp\/v2\/comments?post=247"}],"version-history":[{"count":2,"href":"https:\/\/cgm.riobranco.ac.gov.br\/lai\/wp-json\/wp\/v2\/pages\/247\/revisions"}],"predecessor-version":[{"id":552,"href":"https:\/\/cgm.riobranco.ac.gov.br\/lai\/wp-json\/wp\/v2\/pages\/247\/revisions\/552"}],"up":[{"embeddable":true,"href":"https:\/\/cgm.riobranco.ac.gov.br\/lai\/wp-json\/wp\/v2\/pages\/18"}],"wp:attachment":[{"href":"https:\/\/cgm.riobranco.ac.gov.br\/lai\/wp-json\/wp\/v2\/media?parent=247"}],"curies":[{"name":"wp","href":"https:\/\/api.w.org\/{rel}","templated":true}]}}