{"id":259,"date":"2013-10-29T20:03:38","date_gmt":"2013-10-29T20:03:38","guid":{"rendered":"http:\/\/portalcgm.riobranco.ac.gov.br\/lai\/departamento-estadual\/"},"modified":"2016-03-23T16:13:11","modified_gmt":"2016-03-23T16:13:11","slug":"departamento-estadual","status":"publish","type":"page","link":"https:\/\/cgm.riobranco.ac.gov.br\/lai\/encontre-em-rio-branco\/departamento-estadual\/","title":{"rendered":"Departamento Estadual de Tr\u00e2nsito &#8211; DETRAN\/AC"},"content":{"rendered":"<hr \/>\n<h4><strong>SITE:<\/strong>\u00a0<a title=\"http:\/\/www.detran.ac.gov.br\/\" href=\"http:\/\/www.detran.ac.gov.br\/\" target=\"_blank\">http:\/\/www.detran.ac.gov.br\/<\/a><\/h4>\n<p>&nbsp;<\/p>\n<p><strong>DETRAN &#8211; SEDE<\/strong><\/p>\n<p><strong>Endere\u00e7o:<\/strong> Avenida Na\u00e7\u00f5es Unidas, n\u00ba 2.710 &#8211; Bairro Esta\u00e7\u00e3o Experimental, Rio Branco\/AC<\/p>\n<p><strong>CEP:<\/strong>\u00a069.909-600<\/p>\n<p><strong>Telefones:<\/strong>\u00a0(68) 3215-4170 \/ 3215-4171 \/3215-4172 \/ 3215-4173 \/ 3215-4174 e 3215-4175<\/p>\n<p><strong>Hor\u00e1rio de Funcionamento:<\/strong> Segunda \u00e0 Sexta-Feira &#8211;\u00a007:30 \u00e0s 13:00 (p\u00fablico) \/ 07:30 \u00e0s 16:00 somente para credenciados e setor de multas.)<\/p>\n<p>&nbsp;<\/p>\n<p><strong>UNIDADE DE PARQUEAMENTO<\/strong><\/p>\n<p><strong>Endere\u00e7o:\u00a0<\/strong>Avenida Ant\u00f4nio da Rocha Viana, n\u00ba 2005, Bairro Vila Ivonete, Rio Branco\/AC<\/p>\n<p><strong>Telefone de Ve\u00edculos Apreendidos:<\/strong> (68) 3227-1789<\/p>\n<p><strong>Telefone CIFTRAN:\u00a0<\/strong>(68)3227-7811<\/p>\n<p><strong>Hor\u00e1rio de Funcionamento:<\/strong>\u00a007:30h \u00e0s 16:00h<\/p>\n<p>&nbsp;<\/p>\n<p><strong>CENTRAL DE SERVI\u00c7O P\u00daBLICO DE RIO BRANCO &#8211; OCA<\/strong><\/p>\n<p><strong>Endere\u00e7o:<\/strong>\u00a0Rua Quintino Bocai\u00fava com Avenida Brasil, Bairro Centro, Rio Branco\/AC<\/p>\n<p><strong>Telefone:<\/strong>\u00a0(68) 3215-2481<\/p>\n<p><strong>Hor\u00e1rio de Funcionamento:<\/strong> 07:30h \u00e0s 16h<\/p>\n","protected":false},"excerpt":{"rendered":"<p>SITE:\u00a0http:\/\/www.detran.ac.gov.br\/ &nbsp; DETRAN &#8211; SEDE Endere\u00e7o: Avenida Na\u00e7\u00f5es Unidas, n\u00ba 2.710 &#8211; Bairro Esta\u00e7\u00e3o Experimental, Rio Branco\/AC CEP:\u00a069.909-600 Telefones:\u00a0(68) 3215-4170 \/ 3215-4171 \/3215-4172 \/ 3215-4173 \/ 3215-4174 e 3215-4175 Hor\u00e1rio de Funcionamento: Segunda \u00e0 Sexta-Feira &#8211;\u00a007:30 \u00e0s 13:00 (p\u00fablico) \/ 07:30 \u00e0s 16:00 somente para credenciados e setor de multas.) &nbsp; UNIDADE DE PARQUEAMENTO Endere\u00e7o:\u00a0Avenida [&hellip;]<\/p>\n","protected":false},"author":2,"featured_media":0,"parent":18,"menu_order":28,"comment_status":"open","ping_status":"open","template":"","meta":{"footnotes":""},"class_list":["post-259","page","type-page","status-publish","hentry"],"_links":{"self":[{"href":"https:\/\/cgm.riobranco.ac.gov.br\/lai\/wp-json\/wp\/v2\/pages\/259","targetHints":{"allow":["GET"]}}],"collection":[{"href":"https:\/\/cgm.riobranco.ac.gov.br\/lai\/wp-json\/wp\/v2\/pages"}],"about":[{"href":"https:\/\/cgm.riobranco.ac.gov.br\/lai\/wp-json\/wp\/v2\/types\/page"}],"author":[{"embeddable":true,"href":"https:\/\/cgm.riobranco.ac.gov.br\/lai\/wp-json\/wp\/v2\/users\/2"}],"replies":[{"embeddable":true,"href":"https:\/\/cgm.riobranco.ac.gov.br\/lai\/wp-json\/wp\/v2\/comments?post=259"}],"version-history":[{"count":6,"href":"https:\/\/cgm.riobranco.ac.gov.br\/lai\/wp-json\/wp\/v2\/pages\/259\/revisions"}],"predecessor-version":[{"id":1363,"href":"https:\/\/cgm.riobranco.ac.gov.br\/lai\/wp-json\/wp\/v2\/pages\/259\/revisions\/1363"}],"up":[{"embeddable":true,"href":"https:\/\/cgm.riobranco.ac.gov.br\/lai\/wp-json\/wp\/v2\/pages\/18"}],"wp:attachment":[{"href":"https:\/\/cgm.riobranco.ac.gov.br\/lai\/wp-json\/wp\/v2\/media?parent=259"}],"curies":[{"name":"wp","href":"https:\/\/api.w.org\/{rel}","templated":true}]}}