{"id":260,"date":"2013-10-29T20:10:42","date_gmt":"2013-10-29T20:10:42","guid":{"rendered":"http:\/\/portalcgm.riobranco.ac.gov.br\/lai\/instituto\/"},"modified":"2015-06-11T19:25:08","modified_gmt":"2015-06-11T19:25:08","slug":"instituto","status":"publish","type":"page","link":"https:\/\/cgm.riobranco.ac.gov.br\/lai\/encontre-em-rio-branco\/instituto\/","title":{"rendered":"Instituto M\u00e9dico Legal &#8211; IML"},"content":{"rendered":"<p>&nbsp;<\/p>\n<hr \/>\n<p>&nbsp;<\/p>\n<p><strong>Instituto M\u00e9dico Legal &#8211; IML<\/strong><\/p>\n<p><strong>Endere\u00e7o:<\/strong> Rua Ant\u00f4nio da Rocha Viana, n\u00ba 1248 &#8211; Bosque<\/p>\n<p><strong>Cep:<\/strong> 69.900-526<\/p>\n<p><strong>Fone:<\/strong> 68 3224-7884<\/p>\n<p><strong>Hor\u00e1rio de Funcionamento:<\/strong> 8h \u00e0s 17h<\/p>\n","protected":false},"excerpt":{"rendered":"<p>&nbsp; &nbsp; Instituto M\u00e9dico Legal &#8211; IML Endere\u00e7o: Rua Ant\u00f4nio da Rocha Viana, n\u00ba 1248 &#8211; Bosque Cep: 69.900-526 Fone: 68 3224-7884 Hor\u00e1rio de Funcionamento: 8h \u00e0s 17h<\/p>\n","protected":false},"author":2,"featured_media":0,"parent":18,"menu_order":46,"comment_status":"open","ping_status":"open","template":"","meta":{"footnotes":""},"class_list":["post-260","page","type-page","status-publish","hentry"],"_links":{"self":[{"href":"https:\/\/cgm.riobranco.ac.gov.br\/lai\/wp-json\/wp\/v2\/pages\/260","targetHints":{"allow":["GET"]}}],"collection":[{"href":"https:\/\/cgm.riobranco.ac.gov.br\/lai\/wp-json\/wp\/v2\/pages"}],"about":[{"href":"https:\/\/cgm.riobranco.ac.gov.br\/lai\/wp-json\/wp\/v2\/types\/page"}],"author":[{"embeddable":true,"href":"https:\/\/cgm.riobranco.ac.gov.br\/lai\/wp-json\/wp\/v2\/users\/2"}],"replies":[{"embeddable":true,"href":"https:\/\/cgm.riobranco.ac.gov.br\/lai\/wp-json\/wp\/v2\/comments?post=260"}],"version-history":[{"count":3,"href":"https:\/\/cgm.riobranco.ac.gov.br\/lai\/wp-json\/wp\/v2\/pages\/260\/revisions"}],"predecessor-version":[{"id":951,"href":"https:\/\/cgm.riobranco.ac.gov.br\/lai\/wp-json\/wp\/v2\/pages\/260\/revisions\/951"}],"up":[{"embeddable":true,"href":"https:\/\/cgm.riobranco.ac.gov.br\/lai\/wp-json\/wp\/v2\/pages\/18"}],"wp:attachment":[{"href":"https:\/\/cgm.riobranco.ac.gov.br\/lai\/wp-json\/wp\/v2\/media?parent=260"}],"curies":[{"name":"wp","href":"https:\/\/api.w.org\/{rel}","templated":true}]}}