{"id":264,"date":"2013-11-01T19:52:28","date_gmt":"2013-11-01T19:52:28","guid":{"rendered":"http:\/\/portalcgm.riobranco.ac.gov.br\/lai\/administracao-e-concessao-de-uso-dos-espacos-publicos-municipais-lei\/"},"modified":"2023-07-18T09:58:55","modified_gmt":"2023-07-18T14:58:55","slug":"administracao-e-concessao-de-uso-dos-espacos-publicos-municipais-lei","status":"publish","type":"page","link":"https:\/\/cgm.riobranco.ac.gov.br\/lai\/orientacoes\/administracao-e-concessao-de-uso-dos-espacos-publicos-municipais-lei\/","title":{"rendered":"Administra\u00e7\u00e3o e Concess\u00e3o de Uso dos Espa\u00e7os P\u00fablicos Municipais"},"content":{"rendered":"<hr \/>\n<p><strong><a href=\"https:\/\/cgm.riobranco.ac.gov.br\/lai\/wp-content\/uploads\/2013\/11\/LEI-COMPLEMENTAR-N\u00ba-20-DE-17.07.2017-Altera-as-Leis-Municipais-n\u00ba-1.817-2010-alterada-pela-Lei-n\u00ba-2.013-2013.pdf\" target=\"_blank\">LEI COMPLEMENTAR N\u00ba 20 DE 17 DE JULHO DE 2017<\/a><\/strong><\/p>\n<p style=\"text-align: justify;\">\u201cAltera a Lei Municipal n\u00ba 1.817, de 23 de setembro de 2010, alterada\u00a0pela Lei Municipal n\u00ba 2.013, de 15 de outubro de 2013.\u201d<\/p>\n<p style=\"text-align: justify;\"><strong><a href=\"https:\/\/cgm.riobranco.ac.gov.br\/lai\/wp-content\/uploads\/2013\/11\/DECRETO-N\u00ba-236-DE-18-DE-FEVEREIRO-DE-2014.pdf\" target=\"_blank\">DECRETO N\u00ba 236 DE 18 DE FEVEREIRO DE 2014<\/a><\/strong><\/p>\n<p style=\"text-align: justify;\">\u201cAltera o Decreto n\u00b0 3.926, de 31 de agosto de 2012 e Revoga o Decreto n\u00ba 1.869, de 17 de Setembro de 2013.\u201d<\/p>\n<p style=\"text-align: justify;\"><strong><a href=\"https:\/\/cgm.riobranco.ac.gov.br\/lai\/wp-content\/uploads\/2013\/11\/LEI-N\u00ba-2013-DE-15-DE-OUTUBRO-DE-2013.pdf\" target=\"_blank\">LEI N\u00ba 2.013 DE 15 DE OUTUBRO DE 2013<\/a><\/strong><\/p>\n<p style=\"text-align: justify;\">\u201cAltera a Lei Municipal n\u00b0 1.817, de 23 de setembro de 2010, que disp\u00f5e sobre a Administra\u00e7\u00e3o e Concess\u00e3o do Uso de Espa\u00e7os P\u00fablicos Municipais e d\u00e1 outras provid\u00eancias.\u2019\u2019<\/p>\n<p style=\"text-align: justify;\"><strong><a href=\"https:\/\/cgm.riobranco.ac.gov.br\/lai\/wp-content\/uploads\/2013\/11\/DECRETO-N\u00ba-1869-DE-17-DE-SETEMBRO-DE-2013.pdf\" target=\"_blank\">DECRETO N\u00ba 1.869 DE 17 DE SETEMBRO DE 2013<\/a><\/strong><\/p>\n<p style=\"text-align: justify;\">\u201cAltera o Decreto n\u00ba 3.926 de 31 de Agosto de 2012.\u201d<\/p>\n<p style=\"text-align: justify;\"><strong><a href=\"https:\/\/cgm.riobranco.ac.gov.br\/lai\/wp-content\/uploads\/2013\/11\/LEI-N\u00ba-1.977-DE-13-DE-MAIO-DE-2013.pdf\" target=\"_blank\">LEI N\u00ba 1.977 DE 13 DE MAIO DE 2013<\/a><\/strong><\/p>\n<p style=\"text-align: justify;\">\u201cAltera a Lei n\u00ba 1.817 de 23 de setembro de 2010, que disp\u00f5e sobre a Administra\u00e7\u00e3o e Concess\u00e3o de Uso dos Espa\u00e7os P\u00fablicos Municipais e d\u00e1 outras provid\u00eancias\u201d.<\/p>\n<p style=\"text-align: justify;\"><strong><a href=\"https:\/\/cgm.riobranco.ac.gov.br\/lai\/wp-content\/uploads\/2013\/11\/DECRETO-N\u00ba-3926-DE-31-DE-AGOSTO-DE-2012-DOE.pdf\" target=\"_blank\">DECRETO N\u00ba 3.926 DE 31 DE AGOSTO DE 2012<\/a><\/strong>\u00a0<span style=\"color: #ff0000;\">(Alterado pelos\u00a0DECRETO N\u00ba 1.869 DE 17 DE SETEMBRO DE 2013\u00a0e DECRETO N\u00ba 236 DE 18 DE FEVEREIRO DE 2014)<\/span><\/p>\n<p style=\"text-align: justify;\">\u201cRegulamenta os procedimentos para retomada de espa\u00e7os p\u00fablicos em raz\u00e3o da infring\u00eancia das disposi\u00e7\u00f5es da Lei n\u00ba 1.817, de 23 de setembro de 2010, assim como disciplina a transfer\u00eancia e aquisi\u00e7\u00e3o origin\u00e1ria dos referidos espa\u00e7os e d\u00e1 outras provid\u00eancias\u201d.<\/p>\n<p style=\"text-align: justify;\"><strong><a href=\"https:\/\/cgm.riobranco.ac.gov.br\/lai\/wp-content\/uploads\/2013\/11\/LEI-N\u00ba-1.859-de-04.11.2011-Concess\u00e3o-para-a-presta\u00e7\u00e3o-de-servi\u00e7o-p\u00fablico-explora\u00e7\u00e3o-e-administra\u00e7\u00e3o-dos-espa\u00e7os-dos-terminais.pdf\" target=\"_blank\">LEI N\u00ba 1.859 DE 04 DE NOVEMBRO DE 2011<\/a><\/strong><\/p>\n<p style=\"text-align: justify;\">\u201cAutoriza o Munic\u00edpio a outorgar concess\u00e3o para a presta\u00e7\u00e3o de servi\u00e7o p\u00fablico, explora\u00e7\u00e3o e administra\u00e7\u00e3o dos espa\u00e7os dos terminais urbanos e rodovi\u00e1rios no Munic\u00edpio de Rio Branco\/AC, e d\u00e1 outras provid\u00eancias.\u201d<\/p>\n<p style=\"text-align: justify;\"><strong><a href=\"https:\/\/cgm.riobranco.ac.gov.br\/lai\/wp-content\/uploads\/2013\/11\/LEI_N\u00ba_1.817_de_23.09.2010_-_Concess\u00e3o_de_Uso_dos_Espa\u00e7os_P\u00fablicos_Municipais.pdf\" target=\"_blank\">LEI N\u00ba 1.817 DE 23 DE SETEMBRO DE 2010<\/a><\/strong>\u00a0<span style=\"color: #ff0000;\">(Alterada pela LEI N\u00ba 1.977 DE 13 DE MAIO DE 2013,\u00a0LEI N\u00ba 2.013 DE 15 DE OUTUBRO DE 2013 e\u00a0LEI COMPLEMENTAR N\u00ba 20 DE 17 DE JULHO DE 2017)<\/span><\/p>\n<p style=\"text-align: justify;\">&#8220;Disp\u00f5e sobre a Administra\u00e7\u00e3o e Concess\u00e3o de Uso dos Espa\u00e7os P\u00fablicos Municipais e d\u00e1 outras provid\u00eancias&#8221;.<\/p>\n<p style=\"text-align: justify;\"><strong><a href=\"https:\/\/cgm.riobranco.ac.gov.br\/lai\/wp-content\/uploads\/2013\/11\/LEI-N\u00ba-1.512-DE-29-DE-DEZEMBO-DE-2003.pdf\" target=\"_blank\">LEI N\u00ba 1.512 DE 29 DE DEZEMBRO DE 2003<\/a><\/strong><\/p>\n<p style=\"text-align: justify;\">&#8220;Estabelece crit\u00e9rios para realiza\u00e7\u00e3o de eventos p\u00fablicos em Rio Branco e d\u00e1 outras provid\u00eancias&#8221;.<\/p>\n","protected":false},"excerpt":{"rendered":"<p>LEI COMPLEMENTAR N\u00ba 20 DE 17 DE JULHO DE 2017 \u201cAltera a Lei Municipal n\u00ba 1.817, de 23 de setembro de 2010, alterada\u00a0pela Lei Municipal n\u00ba 2.013, de 15 de outubro de 2013.\u201d DECRETO N\u00ba 236 DE 18 DE FEVEREIRO DE 2014 \u201cAltera o Decreto n\u00b0 3.926, de 31 de agosto de 2012 e Revoga [&hellip;]<\/p>\n","protected":false},"author":2,"featured_media":0,"parent":20,"menu_order":2,"comment_status":"open","ping_status":"open","template":"","meta":{"footnotes":""},"class_list":["post-264","page","type-page","status-publish","hentry"],"_links":{"self":[{"href":"https:\/\/cgm.riobranco.ac.gov.br\/lai\/wp-json\/wp\/v2\/pages\/264","targetHints":{"allow":["GET"]}}],"collection":[{"href":"https:\/\/cgm.riobranco.ac.gov.br\/lai\/wp-json\/wp\/v2\/pages"}],"about":[{"href":"https:\/\/cgm.riobranco.ac.gov.br\/lai\/wp-json\/wp\/v2\/types\/page"}],"author":[{"embeddable":true,"href":"https:\/\/cgm.riobranco.ac.gov.br\/lai\/wp-json\/wp\/v2\/users\/2"}],"replies":[{"embeddable":true,"href":"https:\/\/cgm.riobranco.ac.gov.br\/lai\/wp-json\/wp\/v2\/comments?post=264"}],"version-history":[{"count":16,"href":"https:\/\/cgm.riobranco.ac.gov.br\/lai\/wp-json\/wp\/v2\/pages\/264\/revisions"}],"predecessor-version":[{"id":4755,"href":"https:\/\/cgm.riobranco.ac.gov.br\/lai\/wp-json\/wp\/v2\/pages\/264\/revisions\/4755"}],"up":[{"embeddable":true,"href":"https:\/\/cgm.riobranco.ac.gov.br\/lai\/wp-json\/wp\/v2\/pages\/20"}],"wp:attachment":[{"href":"https:\/\/cgm.riobranco.ac.gov.br\/lai\/wp-json\/wp\/v2\/media?parent=264"}],"curies":[{"name":"wp","href":"https:\/\/api.w.org\/{rel}","templated":true}]}}