{"id":4,"date":"2015-02-09T22:33:40","date_gmt":"2015-02-09T22:33:40","guid":{"rendered":"http:\/\/portalcgm.riobranco.ac.gov.br\/lai\/?page_id=4"},"modified":"2023-12-06T17:09:58","modified_gmt":"2023-12-06T22:09:58","slug":"legislacao","status":"publish","type":"page","link":"https:\/\/cgm.riobranco.ac.gov.br\/lai\/legislacao\/","title":{"rendered":"Legisla\u00e7\u00e3o"},"content":{"rendered":"<hr \/>\n<p style=\"text-align: justify;\"><strong>ANO 2023<\/strong><\/p>\n<p><strong><a href=\"https:\/\/cgm.riobranco.ac.gov.br\/lai\/wp-content\/uploads\/2015\/02\/DECRETO-N\u00ba-1196-2023-SDTI-Comit\u00ea-Gestor-de-Implanta\u00e7\u00e3o-da-LGBD.pdf\" target=\"_blank\">DECRETO N\u00ba 1.196 DE 21 DE JULHO DE 2023<\/a>\u00a0\u00a0<\/strong>(LGPD)<\/p>\n<p>\u201cCria o Comit\u00ea Gestor de Implanta\u00e7\u00e3o da LGPD para elaborar a Pol\u00edtica Municipal de Conformidade \u00e0 Prote\u00e7\u00e3o de Dados Pessoais no \u00e2mbito da Munic\u00edpio de Rio Branco e d\u00e1 outras provid\u00eancias\u201d<\/p>\n<p><strong><a href=\"http:\/\/www.planalto.gov.br\/ccivil_03\/_ato2023-2026\/2023\/decreto\/D11529.htm\" target=\"_blank\">DECRETO FEDERAL N\u00ba 11.529, DE 16 DE MAIO DE 2023<\/a><\/strong><\/p>\n<p>&#8220;Institui o Sistema de Integridade, Transpar\u00eancia e Acesso \u00e0 Informa\u00e7\u00e3o da Administra\u00e7\u00e3o P\u00fablica Federal e a Pol\u00edtica de Transpar\u00eancia e Acesso \u00e0 Informa\u00e7\u00e3o da Administra\u00e7\u00e3o P\u00fablica Federal.&#8221;<\/p>\n<p><strong><a href=\"http:\/\/www.planalto.gov.br\/ccivil_03\/_ato2023-2026\/2023\/decreto\/D11528.htm\" target=\"_blank\">DECRETO FEDERAL N\u00ba 11.528, DE 16 DE MAIO DE 2023<\/a><\/strong><\/p>\n<p style=\"text-align: justify;\">&#8220;Institui o Conselho de Transpar\u00eancia, Integridade e Combate \u00e0 Corrup\u00e7\u00e3o.&#8221;<\/p>\n<p style=\"text-align: justify;\"><strong><a href=\"https:\/\/www.planalto.gov.br\/ccivil_03\/_ato2023-2026\/2023\/decreto\/D11527.htm\" target=\"_blank\">DECRETO FEDERAL N\u00ba 11.527, DE 16 DE MAIO DE 2023<\/a><\/strong><\/p>\n<p style=\"text-align: justify;\">&#8220;Altera o Decreto n\u00ba 7.724, de 16 de maio de 2012, que regulamenta a Lei n\u00ba 12.527, de 18 de novembro de 2011.&#8221;<\/p>\n<hr \/>\n<p style=\"text-align: justify;\"><strong>ANO 2022<\/strong><\/p>\n<p style=\"text-align: justify;\"><strong><a href=\"https:\/\/cgm.riobranco.ac.gov.br\/lai\/wp-content\/uploads\/2015\/02\/GABPRE-PORTARIA-N\u00ba-402-2022-TIME-BRASIL.pdf\" target=\"_blank\">PORTARIA N\u00ba 402\/2022 &#8211; GRUPO DE TRABALHO TIME BRASIL<\/a>\u00a0&#8211; DOE<\/strong><\/p>\n<hr \/>\n<p style=\"text-align: justify;\"><strong>ANO 2021<\/strong><\/p>\n<p style=\"text-align: justify;\"><strong><a href=\"https:\/\/cgm.riobranco.ac.gov.br\/lai\/wp-content\/uploads\/2015\/02\/TERMO-DE-ADES\u00c3O-AO-PROGRAMA-TIME-BRASIL_ASSINADO.pdf\" target=\"_blank\">TERMO DE ADES\u00c3O AO PROGRAMA TIME BRASIL &#8211; 2021<\/a><\/strong><\/p>\n<p style=\"text-align: justify;\"><strong><a href=\"https:\/\/cgm.riobranco.ac.gov.br\/lai\/wp-content\/uploads\/2015\/02\/TERMO-DE-ADES\u00c3O-AO-PROGRAMA-TIME-BRASIL-DOE.pdf\" target=\"_blank\">TERMO DE ADES\u00c3O AO PROGRAMA TIME BRASIL &#8211; 2021 &#8211; DOE<\/a><\/strong><\/p>\n<p style=\"text-align: justify;\"><strong><a href=\"https:\/\/cgm.riobranco.ac.gov.br\/lai\/wp-content\/uploads\/2015\/02\/PORTARIA-N\u00ba-88-2021-GRUPO-DE-TRABALHO-TIME-BRASIL.pdf\" target=\"_blank\">PORTARIA N\u00ba 088\/2021 &#8211; GRUPO DE TRABALHO TIME BRASIL<\/a><\/strong><\/p>\n<p style=\"text-align: justify;\"><strong><a href=\"http:\/\/www.planalto.gov.br\/ccivil_03\/_ato2019-2022\/2021\/lei\/L14129.htm\" target=\"_blank\">LEI FEDERAL N\u00ba 14.129, DE 29 DE MAR\u00c7O DE 2021<\/a><\/strong><\/p>\n<p style=\"text-align: justify;\">&#8220;Disp\u00f5e sobre princ\u00edpios, regras e instrumentos para o Governo Digital e para o aumento da efici\u00eancia p\u00fablica e altera a Lei n\u00ba 7.116, de 29 de agosto de 1983, a Lei n\u00ba 12.527, de 18 de novembro de 2011 (Lei de Acesso \u00e0 Informa\u00e7\u00e3o), a Lei n\u00ba 12.682, de 9 de julho de 2012, e a Lei n\u00ba 13.460, de 26 de junho de 2017.&#8221;<\/p>\n<hr \/>\n<p style=\"text-align: justify;\"><strong>ANO 2020<\/strong><\/p>\n<p style=\"text-align: justify;\"><strong><a href=\"https:\/\/cgm.riobranco.ac.gov.br\/lai\/wp-content\/uploads\/2015\/02\/2020-MEDIDA-PROVIS\u00d3RIA-N\u00ba-928-DE-23-DE-MAR\u00c7O-DE-2020-Alatera-a-Lei-n\u00ba-12.527-2011-LAI.pdf\" target=\"_blank\">MEDIDA PROVIS\u00d3RIA FEDERAL N\u00ba 928, DE 23 DE MAR\u00c7O DE 2020<\/a><\/strong><\/p>\n<p style=\"text-align: justify;\">&#8220;Altera a Lei n\u00ba 13.979, de 6 de fevereiro de 2020, que disp\u00f5e sobre as medidas para enfrentamento da emerg\u00eancia de sa\u00fade p\u00fablica de import\u00e2ncia internacional decorrente do coronav\u00edrus respons\u00e1vel pelo surto de 2019, e revoga o art. 18 da Medida Provis\u00f3ria n\u00ba 927, de 22 de mar\u00e7o de 2020.&#8221;<\/p>\n<p style=\"text-align: justify;\"><strong><a href=\"https:\/\/cgm.riobranco.ac.gov.br\/lai\/wp-content\/uploads\/2015\/02\/PORTARIA-N\u00ba-56-2020-TIME-BRASIL.pdf\" target=\"_blank\">PORTARIA N\u00ba 056\/2020 &#8211; GRUPO DE TRABALHO TIME BRASIL<\/a>\u00a0<\/strong><\/p>\n<p style=\"text-align: justify;\">&#8220;Instituir Grupo de Trabalho para implementa\u00e7\u00e3o municipal do programa Time Brasil, da Controladoria-Geral da Uni\u00e3o.&#8221;<\/p>\n<p style=\"text-align: justify;\"><strong><a href=\"https:\/\/cgm.riobranco.ac.gov.br\/lai\/wp-content\/uploads\/2015\/02\/TERMO-DE-ADES\u00c3O-FALABR-RIO-BRANCO.pdf\" target=\"_blank\">TERMO DE ADES\u00c3O DO PROGRAMA TIME BRASIL &#8211; 25.05.2020<\/a><\/strong><\/p>\n<hr \/>\n<p style=\"text-align: justify;\"><strong>ANO 2019<\/strong><\/p>\n<p style=\"text-align: justify;\"><strong><a href=\"http:\/\/www.planalto.gov.br\/ccivil_03\/_Ato2019-2022\/2019\/Decreto\/D9690.htm\" target=\"_blank\">DECRETO FEDERAL N\u00ba 9.690, DE 23 DE JANEIRO DE 2019<\/a><\/strong><\/p>\n<p style=\"text-align: justify;\">&#8220;Altera o Decreto n\u00ba 7.724, de 16 de maio de 2012, que regulamenta a Lei n\u00a0\u00ba 12.527, de 18 de novembro de 2011 &#8211; Lei de Acesso \u00e0 Informa\u00e7\u00e3o.&#8221;<\/p>\n<hr \/>\n<p style=\"text-align: justify;\"><strong>ANO 2018<\/strong><\/p>\n<p style=\"text-align: justify;\"><strong><a href=\"http:\/\/www.planalto.gov.br\/ccivil_03\/_ato2015-2018\/2018\/lei\/l13709.htm\" target=\"_blank\">LEI N\u00ba FEDERAL 13.709 DE 14 DE AGOSTO DE 2018<\/a><\/strong><\/p>\n<p style=\"text-align: justify;\">&#8220;Lei Geral de Prote\u00e7\u00e3o de Dados Pessoais (LGPD).&#8221;<\/p>\n<hr \/>\n<p><strong>ANO 2017<\/strong><\/p>\n<p><strong><a href=\"https:\/\/cgm.riobranco.ac.gov.br\/lai\/wp-content\/uploads\/2015\/02\/OGU-PORTARIA-N\u00ba-1.866DE-29082017-E-OUV-MUNICIPAIS.pdf\" target=\"_blank\">OGU &#8211; PORTARIA N\u00ba 1.866, DE 29 DE AGOSTO DE 2017<\/a><\/strong><\/p>\n<p>&#8220;Institui o Sistema Informatizado de Ouvidorias\u00a0dos Entes Federados &#8211; e-Ouv Munic\u00edpios &#8211; e cria o procedimento simplificado de ades\u00e3o ao Programa de Fortalecimento de Ouvidorias&#8221;.<\/p>\n<p><strong><a href=\"https:\/\/cgm.riobranco.ac.gov.br\/lai\/wp-content\/uploads\/2015\/02\/Cartilha-Acesso-a-Informa\u00e7\u00e3o.pdf\" target=\"_blank\">CARTILHA &#8211; ACESSOA \u00c0 INFORMA\u00c7\u00c3O P\u00daBLICA<\/a><\/strong><\/p>\n<p><strong><a href=\"https:\/\/cgm.riobranco.ac.gov.br\/lai\/wp-content\/uploads\/2015\/02\/RECOMENDA\u00c7\u00c3O-MPE-001-2014-PPATRIMPU.pdf\" target=\"_blank\">RECOMENDA\u00c7\u00c3O DO MINIST\u00c9RIO P\u00daBLICO DO ESTADO DO ACRE &#8211; MPE N\u00ba 001\/2014\/PPARIMPU<\/a><\/strong><\/p>\n<p><strong><a href=\"https:\/\/cgm.riobranco.ac.gov.br\/lai\/wp-content\/uploads\/2015\/02\/TERMO-DE-ADES\u00c3O-AO-PROGRAMA-BRASIL-TRANSPARENTE-2013.pdf\" target=\"_blank\">TERMO DE ADES\u00c3O E COMPROMISSO AO PROGRAMA BRASIL TRANSPARENTE<\/a><\/strong><\/p>\n<p><strong><a href=\"http:\/\/www.planalto.gov.br\/ccivil_03\/_ato2015-2018\/2017\/lei\/l13460.htm\" target=\"_blank\">LEI FEDERAL N\u00ba 13.460, DE 26 DE JUNHO DE 2017<\/a><\/strong><\/p>\n<p>&#8220;Disp\u00f5e sobre participa\u00e7\u00e3o, prote\u00e7\u00e3o e defesa dos direitos do usu\u00e1rio dos servi\u00e7os p\u00fablicos da administra\u00e7\u00e3o p\u00fablica.&#8221;<\/p>\n<hr \/>\n<p><strong>ANO 2013<\/strong><\/p>\n<p style=\"text-align: justify;\"><strong><a href=\"https:\/\/cgm.riobranco.ac.gov.br\/lai\/wp-content\/uploads\/2015\/02\/PORTARIA-N\u00ba-293-2013-Cronograma-de-Atualiza\u00e7\u00e3o-das-Informa\u00e7\u00f5es-nos-Portais.pdf\" target=\"_blank\">PORTARIA N\u00ba 293\/2013<\/a><\/strong><\/p>\n<p style=\"text-align: justify;\"><strong><a href=\"https:\/\/cgm.riobranco.ac.gov.br\/lai\/wp-content\/uploads\/2015\/02\/GABPRE-PORTARIA-N\u00ba-293-2013-CRONOGRAMA-PORTAL-CIDADE-TRANSPARENTE-DOE.pdf\" target=\"_blank\">PORTARIA N\u00ba 293\/2013<\/a><\/strong>\u00a0&#8211; DOE<\/p>\n<p style=\"text-align: justify;\">&#8220;Cronograma de Atualiza\u00e7\u00e3o das Informa\u00e7\u00f5es nos Portais Cidade Transparente e no de Acesso \u00e0 Informa\u00e7\u00e3o mantidos no s\u00edtio eletr\u00f4nico do Munic\u00edpio de Rio Branco, na forma do Anexo \u00danico a esta Portaria.&#8221;<\/p>\n<p style=\"text-align: justify;\"><strong><a href=\"https:\/\/cgm.riobranco.ac.gov.br\/lai\/wp-content\/uploads\/2015\/02\/LEI-N\u00ba-1.988-DE-09-DE-JULHO-DE-2013.pdf\" target=\"_blank\">LEI N\u00ba 1.988 DE 09 DE JULHO DE 2013<\/a><\/strong><\/p>\n<p style=\"text-align: justify;\">\u201cAltera a Lei Municipal n\u00ba 1.915, de 25 de junho de 2012, que disp\u00f5e sobre o acesso \u00e0 informa\u00e7\u00e3o e a aplica\u00e7\u00e3o da Lei Federal n\u00ba 12.527, de 18 de novembro de 2011, no \u00e2mbito do Poder Executivo do Munic\u00edpio de Rio Branco e d\u00e1 outras provid\u00eancias.\u201d<\/p>\n<p style=\"text-align: justify;\"><strong><a href=\"https:\/\/cgm.riobranco.ac.gov.br\/lai\/wp-content\/uploads\/2015\/02\/DECRETO-N\u00ba-1.455-DE-18-DE-JUNHO-DE-2013.pdf\" target=\"_blank\">DECRETO N\u00ba 1.455 DE 18 DE JUNHO DE 2013<\/a><\/strong><\/p>\n<p style=\"text-align: justify;\">&#8220;Altera o Decreto Municipal n\u00ba 3.556, de 15 de maio de 2012, que disp\u00f5e sobre os procedimentos para acesso \u00e0 informa\u00e7\u00e3o e a aplica\u00e7\u00e3o da Lei Federal n\u00ba 12.527, de 18 de novembro de 2011, no \u00e2mbito do Poder Executivo do Munic\u00edpio de Rio Branco.&#8221;<\/p>\n<hr \/>\n<p style=\"text-align: justify;\"><strong>ANO 2012<\/strong><\/p>\n<p style=\"text-align: justify;\"><strong><a href=\"https:\/\/cgm.riobranco.ac.gov.br\/lai\/wp-content\/uploads\/2015\/02\/LEI-N\u00ba-1.915-DE-25-DE-JUNHO-DE-2012.pdf\" target=\"_blank\">LEI N\u00ba 1.915 DE 25 DE JUNHO DE 2012<\/a><\/strong><\/p>\n<p style=\"text-align: justify;\">\u201cDisp\u00f5e sobre o acesso \u00e0 informa\u00e7\u00e3o e a aplica\u00e7\u00e3o da Lei Federal n\u00ba 12.527, de 18 de novembro de 2011, no \u00e2mbito do Poder Executivo do Munic\u00edpio de Rio Branco e d\u00e1 outras provid\u00eancias.\u201d<\/p>\n<p style=\"text-align: justify;\"><strong><a href=\"http:\/\/www.planalto.gov.br\/ccivil_03\/_ato2011-2014\/2012\/decreto\/d7724.htm\" target=\"_blank\">DECRETO FEDERAL N\u00ba 7.724, DE 16 DE MAIO DE 2012<\/a><\/strong><\/p>\n<p style=\"text-align: justify;\">&#8220;Regulamenta a Lei no 12.527, de 18 de novembro de 2011, que disp\u00f5e sobre o acesso a informa\u00e7\u00f5es previsto no inciso XXXIII do caput do art. 5o, no inciso II do \u00a7 3o do art. 37 e no \u00a7 2o do art. 216 da Constitui\u00e7\u00e3o.&#8221;<\/p>\n<p style=\"text-align: justify;\"><strong><a href=\"https:\/\/cgm.riobranco.ac.gov.br\/lai\/wp-content\/uploads\/2015\/02\/DECRETO-N\u00ba-3.556-DE-15-DE-MAIO-DE-2012.pdf\" target=\"_blank\">DECRETO N\u00ba 3.556 DE 15 DE MAIO DE 2012<\/a><\/strong><\/p>\n<p style=\"text-align: justify;\">\u201cDisp\u00f5e sobre os procedimentos para acesso \u00e0 informa\u00e7\u00e3o e a aplica\u00e7\u00e3o da Lei Federal n\u00ba 12.527, de 18 de novembro de 2011, no \u00e2mbito do Poder Executivo do Munic\u00edpio de Rio Branco.&#8221;<\/p>\n<hr \/>\n<p style=\"text-align: justify;\"><strong>ANO 2011<\/strong><\/p>\n<p style=\"text-align: justify;\"><strong><a href=\"http:\/\/www.planalto.gov.br\/ccivil_03\/_ato2011-2014\/2011\/lei\/l12527.htm\" target=\"_blank\">LEI FEDERAL N\u00ba 12.527, DE 18 DE NOVEMBRO DE 2011<\/a><\/strong><\/p>\n<p style=\"text-align: justify;\">&#8220;Regula o acesso a informa\u00e7\u00f5es previsto no inciso XXXIII do art. 5o, no inciso II do \u00a7 3o do art. 37 e no \u00a7 2o do art. 216 da Constitui\u00e7\u00e3o Federal; altera a Lei no 8.112, de 11 de dezembro de 1990; revoga a Lei no 11.111, de 5 de maio de 2005, e dispositivos da Lei no 8.159, de 8 de janeiro de 1991; e d\u00e1 outras provid\u00eancias.&#8221;<\/p>\n<hr \/>\n<p style=\"text-align: justify;\"><strong>ANO 2010<\/strong><\/p>\n<p style=\"text-align: justify;\"><strong><a href=\"https:\/\/cgm.riobranco.ac.gov.br\/lai\/wp-content\/uploads\/2015\/02\/DECRETO-N\u00ba-1.381-2010-Portal-Cidade-Transparente.pdf\" target=\"_blank\">DECRETO N\u00ba 1.381 DE 27 DE MAIO DE 2010<\/a><\/strong><\/p>\n<p style=\"text-align: justify;\">&#8220;Fica institu\u00eddo o Portal Cidade Transparente, s\u00edtio eletr\u00f4nico \u00e0 disposi\u00e7\u00e3o da Rede Mundial de Computadores &#8211; Internet, para veicular dados e informa\u00e7\u00f5es detalhados sobre a execu\u00e7\u00e3o or\u00e7ament\u00e1ria e financeira do Munic\u00edpio, compreendendo, entre outros.&#8221;<\/p>\n<hr \/>\n<p><strong>ANO 1997<\/strong><\/p>\n<p><strong><a href=\"http:\/\/www.planalto.gov.br\/ccivil_03\/leis\/L9507.htm\" target=\"_blank\">LEI FEDERAL N\u00ba 9.507 DE 12 DE NOVEMBRO DE 1997<\/a><\/strong><\/p>\n<p>&#8220;Regula o direito de acesso a informa\u00e7\u00f5es e disciplina o rito processual do\u00a0<i>habeas data.&#8221;<\/i><\/p>\n<p style=\"text-align: justify;\">\n","protected":false},"excerpt":{"rendered":"<p>ANO 2023 DECRETO N\u00ba 1.196 DE 21 DE JULHO DE 2023\u00a0\u00a0(LGPD) \u201cCria o Comit\u00ea Gestor de Implanta\u00e7\u00e3o da LGPD para elaborar a Pol\u00edtica Municipal de Conformidade \u00e0 Prote\u00e7\u00e3o de Dados Pessoais no \u00e2mbito da Munic\u00edpio de Rio Branco e d\u00e1 outras provid\u00eancias\u201d DECRETO FEDERAL N\u00ba 11.529, DE 16 DE MAIO DE 2023 &#8220;Institui o Sistema [&hellip;]<\/p>\n","protected":false},"author":2,"featured_media":0,"parent":0,"menu_order":0,"comment_status":"open","ping_status":"open","template":"","meta":{"footnotes":""},"class_list":["post-4","page","type-page","status-publish","hentry"],"_links":{"self":[{"href":"https:\/\/cgm.riobranco.ac.gov.br\/lai\/wp-json\/wp\/v2\/pages\/4","targetHints":{"allow":["GET"]}}],"collection":[{"href":"https:\/\/cgm.riobranco.ac.gov.br\/lai\/wp-json\/wp\/v2\/pages"}],"about":[{"href":"https:\/\/cgm.riobranco.ac.gov.br\/lai\/wp-json\/wp\/v2\/types\/page"}],"author":[{"embeddable":true,"href":"https:\/\/cgm.riobranco.ac.gov.br\/lai\/wp-json\/wp\/v2\/users\/2"}],"replies":[{"embeddable":true,"href":"https:\/\/cgm.riobranco.ac.gov.br\/lai\/wp-json\/wp\/v2\/comments?post=4"}],"version-history":[{"count":61,"href":"https:\/\/cgm.riobranco.ac.gov.br\/lai\/wp-json\/wp\/v2\/pages\/4\/revisions"}],"predecessor-version":[{"id":5468,"href":"https:\/\/cgm.riobranco.ac.gov.br\/lai\/wp-json\/wp\/v2\/pages\/4\/revisions\/5468"}],"wp:attachment":[{"href":"https:\/\/cgm.riobranco.ac.gov.br\/lai\/wp-json\/wp\/v2\/media?parent=4"}],"curies":[{"name":"wp","href":"https:\/\/api.w.org\/{rel}","templated":true}]}}