{"id":855,"date":"2015-06-06T06:06:03","date_gmt":"2015-06-06T06:06:03","guid":{"rendered":"http:\/\/portalcgm.riobranco.ac.gov.br\/lai\/?page_id=855"},"modified":"2016-02-22T20:25:39","modified_gmt":"2016-02-22T20:25:39","slug":"unidade-basica-de-saude","status":"publish","type":"page","link":"https:\/\/cgm.riobranco.ac.gov.br\/lai\/encontre-em-rio-branco\/unidade-basica-de-saude\/","title":{"rendered":"Unidade B\u00e1sica de Sa\u00fade"},"content":{"rendered":"<p><strong>Unidade B\u00e1sica de Sa\u00fade Agripina Lindoso \u201cP\u00f3lo Benfica\u201d<\/strong><\/p>\n<p><strong>Endere\u00e7o:<\/strong> Ramal da Pi\u00e7arreira, na beira do rio, Km 8<\/p>\n<p><strong>Fone:<\/strong><\/p>\n<p><strong>Hor\u00e1rio de Funcionamento: <\/strong><strong>7h \u00e0s 13h<\/strong><\/p>\n<p>&nbsp;<\/p>\n<hr \/>\n<p>&nbsp;<\/p>\n<p><strong>Unidade B\u00e1sica de Sa\u00fade \u201cAntenor Francisco Ramos&#8221; (06 de Agosto)<\/strong><\/p>\n<p><strong style=\"font-style: inherit;\">Endere\u00e7o:<\/strong>\u00a0Avenida Amadeo Barbosa, S\/N \u2013 Bairro\u00a006 de Agosto<\/p>\n<p><strong style=\"font-style: inherit;\">Fone:<\/strong>\u00a03211-2119<\/p>\n<p><strong style=\"font-style: inherit;\">Hor\u00e1rio de Funcionamento:<\/strong>\u00a07h \u00e0s 12h e 14h \u00e0s 17h<\/p>\n<p>&nbsp;<\/p>\n<hr \/>\n<p>&nbsp;<\/p>\n<p style=\"line-height: 18.0pt;\"><strong><span style=\"font-family: 'Georgia','serif'; color: #333333;\">Unidade B\u00e1sica de Sa\u00fade \u201cBelo Jardim II\u201d<\/span><\/strong><\/p>\n<p style=\"line-height: 18.0pt;\"><strong><span style=\"font-family: 'Georgia','serif'; color: #333333;\">Endere\u00e7o:<\/span><\/strong><span class=\"apple-converted-space\"><span style=\"font-family: 'Georgia','serif'; color: #333333;\">\u00a0<\/span><\/span><span style=\"font-family: 'Georgia','serif'; color: #333333;\">Rua da Paz, n\u00ba 362 \u2013 Bairro Belo Jardim II<\/span><\/p>\n<p style=\"line-height: 18.0pt;\"><strong><span style=\"font-family: 'Georgia','serif'; color: #333333;\">Fone:<\/span><\/strong><span class=\"apple-converted-space\"><span style=\"font-family: 'Georgia','serif'; color: #333333;\">\u00a0<\/span><\/span><span style=\"font-family: 'Georgia','serif'; color: #333333;\">3221-2870<\/span><\/p>\n<p style=\"line-height: 18.0pt;\"><strong><span style=\"font-family: 'Georgia','serif'; color: #333333;\">Hor\u00e1rio de Funcionamento:<\/span><\/strong><span class=\"apple-converted-space\"><span style=\"font-family: 'Georgia','serif'; color: #333333;\">\u00a0<\/span><\/span><span style=\"font-family: 'Georgia','serif'; color: #333333;\">7h \u00e0s 12h e 14h \u00e0s 17h<\/span><\/p>\n<hr \/>\n<p style=\"line-height: 18.0pt;\">\n<p style=\"line-height: 18.0pt;\">\n<p style=\"line-height: 18.0pt;\"><strong><span style=\"font-family: 'Georgia','serif'; color: #333333;\">Unidade B\u00e1sica de Sa\u00fade \u201cFrancisca Barbosa Guerra\u201d<\/span><\/strong><\/p>\n<p style=\"line-height: 18.0pt;\"><strong><span style=\"font-family: 'Georgia','serif'; color: #333333;\">Endere\u00e7o:<\/span><\/strong><span class=\"apple-converted-space\"><span style=\"font-family: 'Georgia','serif'; color: #333333;\">\u00a0Travessa Comara<\/span><\/span><span style=\"font-family: 'Georgia','serif'; color: #333333;\">, n\u00ba 08 \u2013 Bairro\u00a0Comara<\/span><\/p>\n<p style=\"line-height: 18.0pt;\"><strong><span style=\"font-family: 'Georgia','serif'; color: #333333;\">Fone:<\/span><\/strong><span class=\"apple-converted-space\"><span style=\"font-family: 'Georgia','serif'; color: #333333;\">\u00a0<\/span><\/span><span style=\"font-family: 'Georgia','serif'; color: #333333;\">3221-8939<\/span><\/p>\n<p style=\"line-height: 18.0pt;\"><strong><span style=\"font-family: 'Georgia','serif'; color: #333333;\">Hor\u00e1rio de Funcionamento:<\/span><\/strong><span class=\"apple-converted-space\"><span style=\"font-family: 'Georgia','serif'; color: #333333;\">\u00a0<\/span><\/span><span style=\"font-family: 'Georgia','serif'; color: #333333;\">7h \u00e0s 12h e 14h \u00e0s 17h<\/span><\/p>\n<p>&nbsp;<\/p>\n<hr \/>\n<p>&nbsp;<\/p>\n<p><strong>Unidade B\u00e1sica de Sa\u00fade \u201cFrancisco\u00a0Const\u00e2ncio\u00a0da Silva\u201d (Boa Vista\/Sobral)<\/strong><\/p>\n<p><strong style=\"font-style: inherit;\">Endere\u00e7o:<\/strong>\u00a0Estrada da Sobral, rua da antiga Sanacre, n\u00ba 2.595<\/p>\n<p><strong style=\"font-style: inherit;\">Fone:<\/strong>\u00a03225-5480<\/p>\n<p><strong style=\"font-style: inherit;\">Hor\u00e1rio de Funcionamento:<\/strong>\u00a07h \u00e0s 12h e 14h \u00e0s 17h<\/p>\n<p>&nbsp;<\/p>\n<hr \/>\n<p>&nbsp;<\/p>\n<p><strong><span style=\"font-family: 'Georgia','serif'; color: #333333;\">Unidade B\u00e1sica de Sa\u00fade \u201cGentil Perdome da Rocha\u201d<\/span><\/strong><\/p>\n<p style=\"line-height: 18.0pt;\"><strong><span style=\"font-family: 'Georgia','serif'; color: #333333;\">Endere\u00e7o:<\/span><\/strong><span class=\"apple-converted-space\"><span style=\"font-family: 'Georgia','serif'; color: #333333;\">\u00a0<\/span><\/span><span style=\"font-family: 'Georgia','serif'; color: #333333;\">Rua Euclides da Cunha, n\u00ba 139 \u2013 Conj. Esperan\u00e7a I \/ Q-1<\/span><\/p>\n<p style=\"line-height: 18.0pt;\"><strong><span style=\"font-family: 'Georgia','serif'; color: #333333;\">Fone:<\/span><\/strong><span class=\"apple-converted-space\"><span style=\"font-family: 'Georgia','serif'; color: #333333;\">\u00a0<\/span><\/span><span style=\"font-family: 'Georgia','serif'; color: #333333;\">3227-8982<\/span><\/p>\n<p style=\"line-height: 18.0pt;\"><strong><span style=\"font-family: 'Georgia','serif'; color: #333333;\">Hor\u00e1rio de Funcionamento:<\/span><\/strong><span class=\"apple-converted-space\"><span style=\"font-family: 'Georgia','serif'; color: #333333;\">\u00a0<\/span><\/span><span style=\"font-family: 'Georgia','serif'; color: #333333;\">7h \u00e0s 12h e 14h \u00e0s 17h<\/span><\/p>\n<hr \/>\n<p style=\"line-height: 18.0pt;\">\n<p style=\"line-height: 18.0pt;\">\n<p style=\"line-height: 18.0pt;\">\n<p style=\"line-height: 18.0pt;\"><strong><span style=\"font-family: 'Georgia','serif'; color: #333333;\">Unidade B\u00e1sica de Sa\u00fade \u201cLuana de Souza Freitas\u201d (Conquista)<\/span><\/strong><\/p>\n<p style=\"line-height: 18.0pt;\"><strong><span style=\"font-family: 'Georgia','serif'; color: #333333;\">Endere\u00e7o:<\/span><\/strong><span class=\"apple-converted-space\"><span style=\"font-family: 'Georgia','serif'; color: #333333;\">\u00a0<\/span><\/span><span style=\"font-family: 'Georgia','serif'; color: #333333;\">Rua\u00a0Dourados, n\u00ba300- Bairro Conquista<\/span><\/p>\n<p style=\"line-height: 18.0pt;\"><strong><span style=\"font-family: 'Georgia','serif'; color: #333333;\">Fone:<\/span><\/strong><span class=\"apple-converted-space\"><span style=\"font-family: 'Georgia','serif'; color: #333333;\">\u00a0<\/span><\/span><\/p>\n<p style=\"line-height: 18.0pt;\"><strong><span style=\"font-family: 'Georgia','serif'; color: #333333;\">Hor\u00e1rio de Funcionamento:<\/span><\/strong><span class=\"apple-converted-space\"><span style=\"font-family: 'Georgia','serif'; color: #333333;\">\u00a0<\/span><\/span><span style=\"font-family: 'Georgia','serif'; color: #333333;\">7h \u00e0s 12h e 14h \u00e0s 17h<\/span><\/p>\n<p>&nbsp;<\/p>\n<hr \/>\n<p>&nbsp;<\/p>\n<p><strong>Unidade B\u00e1sica de Sa\u00fade Maria Concei\u00e7\u00e3o &#8211; Belo Jardim I<\/strong><\/p>\n<p><strong>Endere\u00e7o<\/strong>: Rua Primavera, N\u00ba 38 &#8211; Bairro Belo Jardim I<br \/>\n(pr\u00f3ximo a concession\u00e1ria Volvo)<\/p>\n<p style=\"line-height: 18.0pt;\"><strong><span style=\"font-family: 'Georgia','serif'; color: #333333;\">Fone:<\/span><\/strong><span class=\"apple-converted-space\"><span style=\"font-family: 'Georgia','serif'; color: #333333;\">\u00a0<\/span><\/span><span style=\"font-family: 'Georgia','serif'; color: #333333;\">3221-1104<\/span><\/p>\n<p style=\"line-height: 18.0pt;\"><strong><span style=\"font-family: 'Georgia','serif'; color: #333333;\">Hor\u00e1rio de Funcionamento:<\/span><\/strong><span class=\"apple-converted-space\"><span style=\"font-family: 'Georgia','serif'; color: #333333;\">\u00a0<\/span><\/span><span style=\"font-family: 'Georgia','serif'; color: #333333;\">7h \u00e0s 12h e 14h \u00e0s 17h<\/span><\/p>\n<p>&nbsp;<\/p>\n<hr \/>\n<p>&nbsp;<\/p>\n<p><strong>Unidade B\u00e1sica de Sa\u00fade \u201cMaria de F\u00e1tima Matos da Silva\u201d<\/strong><\/p>\n<p><strong>Endere\u00e7o:<\/strong> Rua Santa Rita, S\/N \u2013 Bairro Bahia Nova<\/p>\n<p><strong>Fone:<\/strong> 3225-1586\/3225-1105<\/p>\n<p><strong>Hor\u00e1rio de Funcionamento:<\/strong> 7h \u00e0s 12h e 14h \u00e0s 17h<\/p>\n<p>&nbsp;<\/p>\n<hr \/>\n<p>&nbsp;<\/p>\n<p><strong>Unidade B\u00e1sica de Sa\u00fade \u201cMariano Gonzaga\u201d<\/strong><\/p>\n<p><strong style=\"font-style: inherit;\">Endere\u00e7o:<\/strong>\u00a0Rua Pl\u00e1cido de Castro, S\/N \u2013 Bairro Laelia Alc\u00e2ntara<\/p>\n<p><strong style=\"font-style: inherit;\">Fone:<\/strong>\u00a03225-1060<\/p>\n<p><strong style=\"font-style: inherit;\">Hor\u00e1rio de Funcionamento:<\/strong>\u00a07h \u00e0s 12h e 14h \u00e0s 17h<\/p>\n<p>&nbsp;<\/p>\n<hr \/>\n<p>&nbsp;<\/p>\n<p><strong>Unidade B\u00e1sica de Sa\u00fade \u201cMaria Sebastiana Bernardo\u201d (Vila Acre)<\/strong><\/p>\n<p><strong style=\"font-style: inherit;\">Endere\u00e7o:<\/strong>\u00a0Ramal Bom Jesus, Rua Machado de Assis, n\u00ba 174 \u2013 Bairro\u00a0Vila Acre<\/p>\n<p><strong style=\"font-style: inherit;\">Fone:<\/strong>\u00a03221-3874<\/p>\n<p><strong style=\"font-style: inherit;\">Hor\u00e1rio de Funcionamento:<\/strong>\u00a07h \u00e0s 12h e 14h \u00e0s 17h<\/p>\n<p>&nbsp;<\/p>\n<hr \/>\n<p>&nbsp;<\/p>\n<p><strong>Unidade B\u00e1sica de Sa\u00fade \u201cMaria Ver\u00f4nica Rodrigues de Souza&#8221; (Prevent\u00f3rio)<\/strong><\/p>\n<p><strong style=\"font-style: inherit;\">Endere\u00e7o:<\/strong>\u00a0Rua Rio Grande do Sul, n\u00ba 778 \u2013 Bairro\u00a0Prevent\u00f3rio<\/p>\n<p><strong style=\"font-style: inherit;\">Fone:<\/strong>\u00a03223-1193<\/p>\n<p><strong style=\"font-style: inherit;\">Hor\u00e1rio de Funcionamento:<\/strong>\u00a07h \u00e0s 12h e 14h \u00e0s 17h<\/p>\n<p>&nbsp;<\/p>\n<hr \/>\n<p>&nbsp;<\/p>\n<p><strong>Unidade B\u00e1sica de Sa\u00fade \u201cM\u00e1ximo Diogo Magalh\u00e3es\u201d<\/strong><\/p>\n<p><strong style=\"font-style: inherit;\">Endere\u00e7o:<\/strong>\u00a0Rua Paulo Lemos, n\u00ba1.943\u00a0 \u2013 Bairro\u00a0Jequitib\u00e1<\/p>\n<p><strong style=\"font-style: inherit;\">Fone:<\/strong>\u00a03225-0828<\/p>\n<p><strong style=\"font-style: inherit;\">Hor\u00e1rio de Funcionamento:<\/strong>\u00a07h \u00e0s 12h e 14h \u00e0s 17h<\/p>\n<p>&nbsp;<\/p>\n<hr \/>\n<p>&nbsp;<\/p>\n<p><strong>Unidade <\/strong><strong><span style=\"font-family: 'Georgia','serif'; color: #333333;\">B\u00e1sica de Sa\u00fade <\/span>\u201cPlatilde Oliveira da Silva\u201d<\/strong><\/p>\n<p><strong>Endere\u00e7o:<\/strong> Av. Rio de Janeiro, S\/N \u2013 Bairro Tancredo Neves<\/p>\n<p><strong>Fone:<\/strong> 3228-6064<\/p>\n<p><strong>Hor\u00e1rio de Funcionamento:<\/strong> 7h \u00e0s 12h e 14h \u00e0s 17h<\/p>\n<p>&nbsp;<\/p>\n<hr \/>\n<p>&nbsp;<\/p>\n<p style=\"line-height: 18.0pt;\"><strong><span style=\"font-family: 'Georgia','serif'; color: #333333;\">Unidade B\u00e1sica de Sa\u00fade \u201cPrevent\u00f3rio\u201d<\/span><\/strong><\/p>\n<p style=\"line-height: 18.0pt;\"><strong><span style=\"font-family: 'Georgia','serif'; color: #333333;\">Endere\u00e7o:<\/span><\/strong><span class=\"apple-converted-space\"><span style=\"font-family: 'Georgia','serif'; color: #333333;\">\u00a0<\/span><\/span><span style=\"font-family: 'Georgia','serif'; color: #333333;\">Rua Rio Grande do Sul, n\u00ba 778 \u2013 Bairro Prevent\u00f3rio<\/span><\/p>\n<p style=\"line-height: 18.0pt;\"><strong><span style=\"font-family: 'Georgia','serif'; color: #333333;\">Fone:<\/span><\/strong><span class=\"apple-converted-space\"><span style=\"font-family: 'Georgia','serif'; color: #333333;\">\u00a0<\/span><\/span><span style=\"font-family: 'Georgia','serif'; color: #333333;\">3223-1193<\/span><\/p>\n<p style=\"line-height: 18.0pt;\"><strong><span style=\"font-family: 'Georgia','serif'; color: #333333;\">Hor\u00e1rio de Funcionamento:<\/span><\/strong><span class=\"apple-converted-space\"><span style=\"font-family: 'Georgia','serif'; color: #333333;\">\u00a0<\/span><\/span><span style=\"font-family: 'Georgia','serif'; color: #333333;\">7h \u00e0s 12h e 14h \u00e0s 17h<\/span><\/p>\n<p style=\"line-height: 18.0pt;\">\n<p style=\"line-height: 18.0pt;\">\n<hr \/>\n<p style=\"line-height: 18.0pt;\">\n<p style=\"line-height: 18.0pt;\"><strong>Unidade B\u00e1sica de Sa\u00fade &#8220;Raimunda Dion\u00edsio da Silva&#8221;\u00a0<\/strong><\/p>\n<p style=\"line-height: 18.0pt;\"><strong>Endere\u00e7o:<\/strong> Rua Juricaba, S\/N &#8211; Bairro Jo\u00e3o Paulo<\/p>\n<p style=\"line-height: 18.0pt;\"><strong>Fone:<\/strong> 3242-2774<\/p>\n<p style=\"line-height: 18.0pt;\"><strong style=\"font-style: inherit;\">Hor\u00e1rio de Funcionamento:<\/strong>\u00a07h \u00e0s 12h e 14h \u00e0s 17h<\/p>\n<p>&nbsp;<\/p>\n<hr \/>\n<p>&nbsp;<\/p>\n<p><strong>Unidade B\u00e1sica de Sa\u00fade \u201cRecanto dos Buritis\u201d<\/strong><\/p>\n<p><strong style=\"font-style: inherit;\">Endere\u00e7o:<\/strong>\u00a0Rua Queiroz \u00a0\u2013 Bairro\u00a0Recanto dos Buritis<\/p>\n<p><strong style=\"font-style: inherit;\">Fone:<\/strong>\u00a03221-7521<\/p>\n<p><strong style=\"font-style: inherit;\">Hor\u00e1rio de Funcionamento:<\/strong>\u00a07h \u00e0s 12h e 14h \u00e0s 17h<\/p>\n<p>&nbsp;<\/p>\n<hr \/>\n<p>&nbsp;<\/p>\n<p><strong><span style=\"font-family: 'Georgia','serif';\">Unidade <span style=\"color: #333333;\">B\u00e1sica de Sa\u00fade <\/span>\u201cSeis de Agosto I\u201d<\/span><\/strong><\/p>\n<p><strong><span style=\"font-family: 'Georgia','serif';\">Endere\u00e7o:<\/span><\/strong><span style=\"font-family: 'Georgia','serif';\"> Avenida Amadeo Barbosa (entrada do Ramal Cana\u00e3), S\/N \u2013 Bairro Seis de Agosto<\/span><\/p>\n<p><strong><span style=\"font-family: 'Georgia','serif';\">Fone:<\/span><\/strong><span style=\"font-family: 'Georgia','serif';\"> 3311-2119<\/span><\/p>\n<p><strong><span style=\"font-family: 'Georgia','serif';\">Hor\u00e1rio de Funcionamento:<\/span><\/strong><span style=\"font-family: 'Georgia','serif';\"> 7h \u00e0s 12h e 14h \u00e0s 17h<\/span><\/p>\n<p>&nbsp;<\/p>\n<hr \/>\n<p>&nbsp;<\/p>\n<p><strong>Unidade B\u00e1sica de Sa\u00fade Tereza Paes de Rosas<\/strong><\/p>\n<p><strong>Endere\u00e7o:<\/strong> Rua da Paz, Bairro Belo Jardim II<br \/>\n(pr\u00f3ximo ao Mercantil Quero Mais)<\/p>\n<p>&nbsp;<\/p>\n<hr \/>\n<p>&nbsp;<\/p>\n<p><strong>Unidade B\u00e1sica de Sa\u00fade \u201cValdeisa Correia Valdez I e II&#8221; (Santo Afonso)<\/strong><\/p>\n<p><strong style=\"font-style: inherit;\">Endere\u00e7o:<\/strong>\u00a0Rua Antonio Ribeiro, n\u00ba 571 \u2013 Loteamento Santo Afonso<\/p>\n<p><strong style=\"font-style: inherit;\">Fone:<\/strong><\/p>\n<p><strong style=\"font-style: inherit;\">Hor\u00e1rio de Funcionamento:<\/strong>\u00a07h \u00e0s 12h e 14h \u00e0s 17h<\/p>\n<p>&nbsp;<\/p>\n<hr \/>\n<p>&nbsp;<\/p>\n<p><strong><span style=\"font-family: 'Georgia','serif';\">Unidade <span style=\"color: #333333;\">B\u00e1sica de Sa\u00fade <\/span>\u201cVit\u00f3ria\u201d<\/span><\/strong><\/p>\n<p><strong><span style=\"font-family: 'Georgia','serif';\">Endere\u00e7o:<\/span><\/strong><span style=\"font-family: 'Georgia','serif';\"> Rua Luis Gonzaga, n\u00ba 244 \u2013 Bairro S\u00e3o Francisco\/Vit\u00f3ria<\/span><\/p>\n<p><strong><span style=\"font-family: 'Georgia','serif';\">Fone:<\/span><\/strong><span style=\"font-family: 'Georgia','serif';\"> 3211-2118<\/span><\/p>\n<p><strong><span style=\"font-family: 'Georgia','serif';\">Hor\u00e1rio de Funcionamento:<\/span><\/strong><span style=\"font-family: 'Georgia','serif';\"> 7h \u00e0s 12h e 14h \u00e0s 17h<\/span><\/p>\n","protected":false},"excerpt":{"rendered":"<p>Unidade B\u00e1sica de Sa\u00fade Agripina Lindoso \u201cP\u00f3lo Benfica\u201d Endere\u00e7o: Ramal da Pi\u00e7arreira, na beira do rio, Km 8 Fone: Hor\u00e1rio de Funcionamento: 7h \u00e0s 13h &nbsp; &nbsp; Unidade B\u00e1sica de Sa\u00fade \u201cAntenor Francisco Ramos&#8221; (06 de Agosto) Endere\u00e7o:\u00a0Avenida Amadeo Barbosa, S\/N \u2013 Bairro\u00a006 de Agosto Fone:\u00a03211-2119 Hor\u00e1rio de Funcionamento:\u00a07h \u00e0s 12h e 14h \u00e0s 17h [&hellip;]<\/p>\n","protected":false},"author":2,"featured_media":0,"parent":18,"menu_order":79,"comment_status":"open","ping_status":"open","template":"","meta":{"footnotes":""},"class_list":["post-855","page","type-page","status-publish","hentry"],"_links":{"self":[{"href":"https:\/\/cgm.riobranco.ac.gov.br\/lai\/wp-json\/wp\/v2\/pages\/855","targetHints":{"allow":["GET"]}}],"collection":[{"href":"https:\/\/cgm.riobranco.ac.gov.br\/lai\/wp-json\/wp\/v2\/pages"}],"about":[{"href":"https:\/\/cgm.riobranco.ac.gov.br\/lai\/wp-json\/wp\/v2\/types\/page"}],"author":[{"embeddable":true,"href":"https:\/\/cgm.riobranco.ac.gov.br\/lai\/wp-json\/wp\/v2\/users\/2"}],"replies":[{"embeddable":true,"href":"https:\/\/cgm.riobranco.ac.gov.br\/lai\/wp-json\/wp\/v2\/comments?post=855"}],"version-history":[{"count":39,"href":"https:\/\/cgm.riobranco.ac.gov.br\/lai\/wp-json\/wp\/v2\/pages\/855\/revisions"}],"predecessor-version":[{"id":1277,"href":"https:\/\/cgm.riobranco.ac.gov.br\/lai\/wp-json\/wp\/v2\/pages\/855\/revisions\/1277"}],"up":[{"embeddable":true,"href":"https:\/\/cgm.riobranco.ac.gov.br\/lai\/wp-json\/wp\/v2\/pages\/18"}],"wp:attachment":[{"href":"https:\/\/cgm.riobranco.ac.gov.br\/lai\/wp-json\/wp\/v2\/media?parent=855"}],"curies":[{"name":"wp","href":"https:\/\/api.w.org\/{rel}","templated":true}]}}