{"id":907,"date":"2015-06-08T21:25:45","date_gmt":"2015-06-08T21:25:45","guid":{"rendered":"http:\/\/portalcgm.riobranco.ac.gov.br\/lai\/?page_id=907"},"modified":"2024-04-02T15:33:43","modified_gmt":"2024-04-02T20:33:43","slug":"alvaras","status":"publish","type":"page","link":"https:\/\/cgm.riobranco.ac.gov.br\/lai\/orientacoes\/alvaras\/","title":{"rendered":"ALVAR\u00c1S"},"content":{"rendered":"<hr \/>\n<p><strong><a href=\"https:\/\/cgm.riobranco.ac.gov.br\/lai\/wp-content\/uploads\/2015\/06\/DECRETO-N\u00ba-339-2024-Prorrogac\u0327a\u0303o-dos-prazos-de-pagamento-do-IPTU-ISSQN-e-da-TAXA-DE-ALVAR\u00c1.pdf\" target=\"_blank\">DECRETO N\u00ba 339 DE 15 DE MAR\u00c7O DE 2024<\/a><\/strong><\/p>\n<p>\u201cDisp\u00f5e sobre a prorroga\u00e7\u00e3o dos prazos para o pagamento do Imposto sobre a Propriedade Predial e Territorial Urbana \u2013 IPTU, do Imposto Sobre Servi\u00e7o de Qualquer Natureza \u2013 ISSQN e da Taxa de Alvar\u00e1 de Funcionamento referente ao exerc\u00edcio de 2024 e d\u00e1 outras provid\u00eancias.\u201d<\/p>\n<hr \/>\n<p><strong><a href=\"https:\/\/cgm.riobranco.ac.gov.br\/lai\/wp-content\/uploads\/2015\/06\/DECRETO-N\u00ba-474-2023-Prorrogac\u0327a\u0303o-dos-prazos-do-IPTU-ISSQN-TAXA-ALVAR\u00c1-DE-FUNCIONAMENTO-2023.pdf\" target=\"_blank\">DECRETO N\u00ba 474 DE 03 DE ABRIL DE 2023<\/a><\/strong><\/p>\n<p style=\"text-align: justify;\">\u201cDisp\u00f5e sobre a prorroga\u00e7\u00e3o dos prazos para o pagamento do Imposto sobre a Propriedade Predial e Territorial Urbana \u2013 IPTU, do Imposto Sobre Servi\u00e7o de Qualquer Natureza \u2013 ISSQN e da Taxa de Alvar\u00e1 de Funcionamento referente ao exerc\u00edcio de 2023 e d\u00e1 outras provid\u00eancias.\u201d<\/p>\n<hr \/>\n<p style=\"text-align: justify;\"><strong><a href=\"https:\/\/cgm.riobranco.ac.gov.br\/lai\/wp-content\/uploads\/2015\/06\/DECRETO-N\u00ba-868-2022-Torna-sem-efeito-o-Decreto-n\u00ba-814-2021-Alvar\u00e1s.pdf\" target=\"_blank\">DECRETO N\u00ba 868 DE 1\u00ba DE JUNHO DE 2022<\/a><\/strong><\/p>\n<p style=\"text-align: justify;\">&#8220;Tornar sem efeito o Decreto n\u00ba 814, de 24 de maio de 2021, publicado no Di\u00e1rio Oficial do Estado do Acre n\u00ba 13.292, de 25 de maio de 2022.&#8221;<\/p>\n<hr \/>\n<p style=\"text-align: justify;\"><strong><a href=\"https:\/\/cgm.riobranco.ac.gov.br\/lai\/wp-content\/uploads\/2015\/06\/DECRETO-N\u00ba-1091-2021-Prorroga\u00e7\u00e3o-do-prazo-de-vencimento-dos-Alvar\u00e1s.pdf\" target=\"_blank\">DECRETO N\u00ba 1.091 DE 30 DE JUNHO 2021<\/a><\/strong><\/p>\n<p style=\"text-align: justify;\">\u201cDisp\u00f5e sobre a prorroga\u00e7\u00e3o do prazo de vencimento dos Alvar\u00e1s de Localiza\u00e7\u00e3o, Funcionamento e Sanit\u00e1rio.\u201d<\/p>\n<p style=\"text-align: justify;\"><strong><a href=\"https:\/\/cgm.riobranco.ac.gov.br\/lai\/wp-content\/uploads\/2015\/06\/DECRETO-N\u00ba-814-2021-Prorroga\u00e7\u00e3o-do-prazo-de-vencimento-dos-Alvar\u00e1s-de-Localiza\u00e7\u00e3o-e-Funcionamento-Sanit\u00e1rio.pdf\" target=\"_blank\">DECRETO N\u00ba 814 DE 13 DE ABRIL 2021<\/a>\u00a0<\/strong><span style=\"color: #ff0000;\">(Revogado)<\/span><\/p>\n<p style=\"text-align: justify;\">\u201cDisp\u00f5e sobre a prorroga\u00e7\u00e3o do prazo de vencimento dos Alvar\u00e1s de Localiza\u00e7\u00e3o, Funcionamento e Sanit\u00e1rio.\u201d<\/p>\n<p style=\"text-align: justify;\"><strong><a href=\"https:\/\/cgm.riobranco.ac.gov.br\/lai\/wp-content\/uploads\/2015\/06\/SEFIN-EDITAL-DE-LAN\u00c7AMENTO-ALVAR\u00c1-2021.pdf\" target=\"_blank\">SEFIN &#8211; EDITAL DE NOTIFICA\u00c7\u00c3O DE LAN\u00c7AMENTO ALVAR\u00c1 &#8211; 01 DE FEVEREIRO DE 2021<\/a><\/strong><\/p>\n<p style=\"text-align: justify;\">&#8220;O Munic\u00edpio de Rio Branco, atrav\u00e9s da Secretaria Municipal de Finan\u00e7as, notifica pessoa f\u00edsica ou jur\u00eddica que se dedique a ind\u00fastria, ao com\u00e9rcio, a opera\u00e7\u00f5es financeiras, a produ\u00e7\u00e3o agropecu\u00e1ria, a presta\u00e7\u00e3o de servi\u00e7os em geral e, ainda, as exercidas por entidades, sociedades ou associa\u00e7\u00f5es civis, desportivas, desde que com fins lucrativos ou n\u00e3o, ou decorrentes de profiss\u00e3o, arte ou oficio, em car\u00e1ter permanente ou tempor\u00e1rio, conforme determina a Lei n\u00ba 1.508\/2003 \u2013 C\u00f3digo Tribut\u00e1rio Municipal, quanto aos lan\u00e7amentos das Taxas de Licen\u00e7a para Funcionamento, Localiza\u00e7\u00e3o, Vigil\u00e2ncia Sanit\u00e1ria e Licen\u00e7a Ambiental.&#8221;<\/p>\n<p style=\"text-align: justify;\"><strong><a href=\"https:\/\/cgm.riobranco.ac.gov.br\/lai\/wp-content\/uploads\/2015\/06\/DECRETO-N\u00ba-046-2021-Prorrogar-a-vig\u00eancia-do-Alvar\u00e1-de-Localiza\u00e7\u00e3o-e-Funcionamento-e-do-Sanit\u00e1rio-para-a-data-dia-31-de-mar\u00e7o-de-2021.pdf\" target=\"_blank\">DECRETO N\u00ba 046 DE 08 DE JANEIRO DE 2021<\/a><\/strong><\/p>\n<p style=\"text-align: justify;\">&#8220;Prorrogar a vig\u00eancia do Alvar\u00e1 de Localiza\u00e7\u00e3o e Funcionamento\u00a0e do Sanit\u00e1rio para a data dia 31 de mar\u00e7o de 2021.&#8221;<\/p>\n<hr \/>\n<p style=\"text-align: justify;\"><strong><a href=\"https:\/\/cgm.riobranco.ac.gov.br\/lai\/wp-content\/uploads\/2015\/06\/DECRETO-N\u00ba-227-2020-Prorrogar-o-Alvar\u00e1-de-Localiza\u00e7\u00e3o-e-Funcionamento-para-Dezembro-2020-CORONAV\u00cdRUS.COVID-19.pdf\" target=\"_blank\">DECRETO N\u00ba 227 DE 24 DE MAR\u00c7O DE 2020<\/a><\/strong><\/p>\n<p style=\"text-align: justify;\">&#8220;Prorrogar a vig\u00eancia do Alvar\u00e1 de Localiza\u00e7\u00e3o e Funcionamento e do Alvar\u00e1 Sanit\u00e1rio para a data dia 31 de dezembro de 2020.&#8221;<\/p>\n<p style=\"text-align: justify;\"><strong><a href=\"https:\/\/cgm.riobranco.ac.gov.br\/lai\/wp-content\/uploads\/2015\/06\/DECRETO-N\u00ba-017-2020-Prorrogar-a-vig\u00eancia-do-Alvar\u00e1-de-Localiza\u00e7\u00e3o-e-Funcionamento.pdf\" target=\"_blank\">DECRETO N\u00ba 017 DE 07 DE JANEIRO DE 2020<\/a><\/strong><\/p>\n<p style=\"text-align: justify;\">&#8220;Prorrogar a vig\u00eancia do Alvar\u00e1 de Localiza\u00e7\u00e3o e Funcionamento vencidos em 31 de dezembro de 2019, e ainda, dos Alvar\u00e1s Sanit\u00e1rios vigentes at\u00e9 30\/03\/2020, para a data dia 31 de mar\u00e7o de 2020.&#8221;<\/p>\n<hr \/>\n<p style=\"text-align: justify;\"><strong><a href=\"https:\/\/cgm.riobranco.ac.gov.br\/lai\/wp-content\/uploads\/2015\/06\/DECRETO-N\u00ba-1683-2019-Classifica\u00e7\u00e3o-de-risco-de-atividades-econ\u00f4micas-concess\u00e3o-e-dispensa-do-Alvar\u00e1-de-Licenciamento.pdf\" target=\"_blank\">DECRETO N\u00ba 1.683 DE 11 DE NOVEMBRO DE 2019<\/a><\/strong><\/p>\n<p style=\"text-align: justify;\">\u201cDisp\u00f5e sobre a classifica\u00e7\u00e3o de risco de atividades econ\u00f4micas, a concess\u00e3o e dispensa do Alvar\u00e1 e Licenciamento, no \u00e2mbito do Munic\u00edpio de Rio Branco e d\u00e1 outras provid\u00eancias\u201d.<\/p>\n<hr \/>\n<p style=\"text-align: justify;\"><strong><a href=\"https:\/\/cgm.riobranco.ac.gov.br\/lai\/wp-content\/uploads\/2015\/06\/2018-DECRETO-N\u00ba-1337-2018-Alterar-o-Decreto-n\u00ba-096-2015-ALVAR\u00c1S.pdf\" target=\"_blank\">DECRETO N \u00ba 1.337 DE 26 DE DEZEMBRO DE 2018<\/a><\/strong><\/p>\n<p style=\"text-align: justify;\">\u201cAltera o Decreto n\u00ba 96, de 04 de fevereiro de 2015.\u201d<\/p>\n<p style=\"text-align: justify;\"><strong><a href=\"https:\/\/cgm.riobranco.ac.gov.br\/lai\/wp-content\/uploads\/2015\/06\/DECRETO-N\u00ba-1307-2018-Prorrogar-a-vig\u00eancia-do-Alvar\u00e1-de-Localiza\u00e7\u00e3o-e-Funcionamento.pdf\" target=\"_blank\">DECRETO N\u00ba 1.307 DE 20 DEZEMBRO DE 2018<\/a><\/strong><\/p>\n<p style=\"text-align: justify;\">&#8220;Prorrogar a vig\u00eancia do Alvar\u00e1 de Localiza\u00e7\u00e3o e Funcionamento, vencidos at\u00e9 31 de dezembro de 2018 para o dia 31 de mar\u00e7o de 2019.&#8221;<\/p>\n<p style=\"text-align: justify;\"><strong><a href=\"https:\/\/cgm.riobranco.ac.gov.br\/lai\/wp-content\/uploads\/2015\/06\/DECRETO-N\u00ba-281-2018-Altera-o-Decreto-096-2015-Alvar\u00e1-de-Localiza\u00e7\u00e3o-e-funcionamento.pdf\" target=\"_blank\">DECRETO N\u00ba 281 DE 28 DE MAR\u00c7O DE 2018<\/a><\/strong><\/p>\n<p style=\"text-align: justify;\">\u201cAltera o Decreto n\u00ba 96, de 04 de fevereiro de 2015.\u201d<\/p>\n<p style=\"text-align: justify;\"><strong><a href=\"https:\/\/cgm.riobranco.ac.gov.br\/lai\/wp-content\/uploads\/2015\/06\/DECRETO-N\u00ba-113-2018-Altera-o-Decreto-N\u00ba-096-2015-Alvar\u00e1-Sanit\u00e1rio.pdf\" target=\"_blank\">DECRETO N\u00ba 113 DE 06 DE FEVEREIRO DE 2018<\/a><\/strong><\/p>\n<p style=\"text-align: justify;\">&#8220;Altera o Decreto n\u00b0 096 de 04 de fevereiro de 2015\u201d<\/p>\n<p style=\"text-align: justify;\"><strong><a href=\"https:\/\/cgm.riobranco.ac.gov.br\/lai\/wp-content\/uploads\/2015\/06\/DECRETO-N\u00ba-027-2018-Alterar-o-Decreto-096-2015-Acessibilidade-Alvar\u00e1.pdf\" target=\"_blank\">DECRETO N \u00ba 027 DE 12 DE JANEIRO DE 2018<\/a><\/strong><\/p>\n<p style=\"text-align: justify;\">\u201cAltera o Decreto n\u00ba 96, de 04 de fevereiro de 2015.\u201d<\/p>\n<p style=\"text-align: justify;\"><strong><a href=\"https:\/\/cgm.riobranco.ac.gov.br\/lai\/wp-content\/uploads\/2015\/06\/DECRETO-N\u00ba-014-2018-Prorrogar-a-vig\u00eancia-do-Alvar\u00e1-de-Localiza\u00e7\u00e3o-e-Funcionamento.pdf\" target=\"_blank\">DECRETO N\u00ba 014 DE 11 DE JANEIRO DE 2018<\/a><\/strong><\/p>\n<p style=\"text-align: justify;\">&#8220;Prorrogar a vig\u00eancia do Alvar\u00e1 de Localiza\u00e7\u00e3o e Funcionamento, vencidos at\u00e9 31 de dezembro de 2017 para o dia 31 de mar\u00e7o de 2018.&#8221;<\/p>\n<hr \/>\n<p style=\"text-align: justify;\"><strong><a href=\"https:\/\/cgm.riobranco.ac.gov.br\/lai\/wp-content\/uploads\/2015\/06\/DECRETO-N\u00ba-505-2017-Prorrogar-a-vig\u00eancia-do-Alvar\u00e1-de-funcionamento-e-localiza\u00e7\u00e3o.doc\">DECRETO N\u00ba 505 DE 19 DE JANEIRO DE 2017<\/a><\/strong><\/p>\n<p style=\"text-align: justify;\">&#8220;Prorrogar a vig\u00eancia do Alvar\u00e1 de Localiza\u00e7\u00e3o e Funcionamento, vencidos at\u00e9 31 de dezembro de 2016 para o dia 31 de mar\u00e7o de 2017&#8221;.<\/p>\n<hr \/>\n<p style=\"text-align: justify;\"><strong><a href=\"https:\/\/cgm.riobranco.ac.gov.br\/lai\/wp-content\/uploads\/2015\/06\/DECRETO-N\u00ba-1259-2016-Alterar-o-Decreto-096-2015-Acessibilidade-Alvar\u00e1-Sanit\u00e1rio.docx\">DECRETO N \u00ba 1.259 DE 26 DE DEZEMBRO DE 2016<\/a><\/strong><\/p>\n<p style=\"text-align: justify;\">\u201cAltera o Decreto n\u00ba 096, de 04 de fevereiro de 2015.\u201d<\/p>\n<hr \/>\n<p style=\"text-align: justify;\"><strong><a href=\"https:\/\/cgm.riobranco.ac.gov.br\/lai\/wp-content\/uploads\/2015\/06\/DECRETO-N\u00ba-1144-2015-Altera-o-Decreto-096-2015-ALVAR\u00c1..docx\" target=\"_blank\">DECRETO N\u00ba 1.144 DE 27 DE OUTUBRO DE 2015<\/a><\/strong><\/p>\n<p style=\"text-align: justify;\">\u201cAltera o Decreto n\u00b0 096, de 04 de fevereiro de 2015.\u201d<\/p>\n<p style=\"text-align: justify;\"><strong><a href=\"https:\/\/cgm.riobranco.ac.gov.br\/lai\/wp-content\/uploads\/2015\/06\/DECRETO-N\u00ba-096-DE-04-DE-FEVEREIRO-DE-2015.pdf\" target=\"_blank\">DECRETO N\u00ba 096 DE 04 DE FEVEREIRO DE 2015<\/a><\/strong><\/p>\n<p style=\"text-align: justify;\">\u201cDisp\u00f5e sobre a concess\u00e3o de Alvar\u00e1 de Localiza\u00e7\u00e3o e Funcionamento, Alvar\u00e1 Sanit\u00e1rio e d\u00e1 outras provid\u00eancias.\u201d<\/p>\n<p style=\"text-align: justify;\"><strong><a href=\"https:\/\/cgm.riobranco.ac.gov.br\/lai\/wp-content\/uploads\/2015\/06\/DECRETO-N\u00ba-055-DE-15-DE-JANEIRO-DE-2015.pdf\" target=\"_blank\">DECRETO N\u00ba 055 DE 15 DE JANEIRO DE 2015<\/a><\/strong><\/p>\n<p style=\"text-align: justify;\">&#8220;Prorrogar a vig\u00eancia dos Alvar\u00e1s de Localiza\u00e7\u00e3o e Funcionamento e dos Alvar\u00e1s Sanit\u00e1rios, com vencimento no per\u00edodo de 15 a 26 de janeiro, pelo per\u00edodo de 30 (trinta) dias.&#8221;<\/p>\n<hr \/>\n<p style=\"text-align: justify;\"><strong><a href=\"https:\/\/cgm.riobranco.ac.gov.br\/lai\/wp-content\/uploads\/2015\/06\/DECRETO-N\u00ba-1.359-DE-02-DE-MAIO-DE-2013.pdf\" target=\"_blank\">DECRETO N\u00ba 1.359 DE 02 DE MAIO DE 2013<\/a><\/strong><\/p>\n<p style=\"text-align: justify;\">\u201cDisp\u00f5e sobre a concess\u00e3o de Alvar\u00e1 de Localiza\u00e7\u00e3o e Funcionamento e o Alvar\u00e1 Sanit\u00e1rio e d\u00e1 outras provid\u00eancias.\u201d<\/p>\n","protected":false},"excerpt":{"rendered":"<p>DECRETO N\u00ba 339 DE 15 DE MAR\u00c7O DE 2024 \u201cDisp\u00f5e sobre a prorroga\u00e7\u00e3o dos prazos para o pagamento do Imposto sobre a Propriedade Predial e Territorial Urbana \u2013 IPTU, do Imposto Sobre Servi\u00e7o de Qualquer Natureza \u2013 ISSQN e da Taxa de Alvar\u00e1 de Funcionamento referente ao exerc\u00edcio de 2024 e d\u00e1 outras provid\u00eancias.\u201d DECRETO [&hellip;]<\/p>\n","protected":false},"author":2,"featured_media":0,"parent":20,"menu_order":4,"comment_status":"open","ping_status":"open","template":"","meta":{"footnotes":""},"class_list":["post-907","page","type-page","status-publish","hentry"],"_links":{"self":[{"href":"https:\/\/cgm.riobranco.ac.gov.br\/lai\/wp-json\/wp\/v2\/pages\/907","targetHints":{"allow":["GET"]}}],"collection":[{"href":"https:\/\/cgm.riobranco.ac.gov.br\/lai\/wp-json\/wp\/v2\/pages"}],"about":[{"href":"https:\/\/cgm.riobranco.ac.gov.br\/lai\/wp-json\/wp\/v2\/types\/page"}],"author":[{"embeddable":true,"href":"https:\/\/cgm.riobranco.ac.gov.br\/lai\/wp-json\/wp\/v2\/users\/2"}],"replies":[{"embeddable":true,"href":"https:\/\/cgm.riobranco.ac.gov.br\/lai\/wp-json\/wp\/v2\/comments?post=907"}],"version-history":[{"count":30,"href":"https:\/\/cgm.riobranco.ac.gov.br\/lai\/wp-json\/wp\/v2\/pages\/907\/revisions"}],"predecessor-version":[{"id":5754,"href":"https:\/\/cgm.riobranco.ac.gov.br\/lai\/wp-json\/wp\/v2\/pages\/907\/revisions\/5754"}],"up":[{"embeddable":true,"href":"https:\/\/cgm.riobranco.ac.gov.br\/lai\/wp-json\/wp\/v2\/pages\/20"}],"wp:attachment":[{"href":"https:\/\/cgm.riobranco.ac.gov.br\/lai\/wp-json\/wp\/v2\/media?parent=907"}],"curies":[{"name":"wp","href":"https:\/\/api.w.org\/{rel}","templated":true}]}}